CRAN Package Check Results for Package pointdexter

Last updated on 2019-10-13 23:47:28 CEST.

Flavor Version Tinstall Tcheck Ttotal Status Flags
r-devel-linux-x86_64-debian-clang 0.1.1 3.40 39.83 43.23 OK
r-devel-linux-x86_64-debian-gcc 0.1.1 2.34 32.62 34.96 OK
r-devel-linux-x86_64-fedora-clang 0.1.1 52.98 NOTE
r-devel-linux-x86_64-fedora-gcc 0.1.1 51.88 NOTE
r-devel-windows-ix86+x86_64 0.1.1 9.00 77.00 86.00 OK
r-patched-linux-x86_64 0.1.1 2.56 39.32 41.88 OK
r-patched-solaris-x86 0.1.1 76.90 NOTE
r-release-linux-x86_64 0.1.1 2.67 39.25 41.92 OK
r-release-windows-ix86+x86_64 0.1.1 10.00 54.00 64.00 OK
r-release-osx-x86_64 0.1.1 NOTE
r-oldrel-windows-ix86+x86_64 0.1.1 4.00 48.00 52.00 OK
r-oldrel-osx-x86_64 0.1.1 NOTE

Check Details

Version: 0.1.1
Check: data for non-ASCII characters
Result: NOTE
     Note: found 328 marked UTF-8 strings
Flavors: r-devel-linux-x86_64-fedora-clang, r-devel-linux-x86_64-fedora-gcc, r-patched-solaris-x86, r-release-osx-x86_64, r-oldrel-osx-x86_64