CRAN Package Check Results for Package poLCA

Last updated on 2022-06-26 23:52:06 CEST.

Flavor Version Tinstall Tcheck Ttotal Status Flags
r-devel-linux-x86_64-debian-clang 1.6.0.1 4.54 52.59 57.13 NOTE
r-devel-linux-x86_64-debian-gcc 1.6.0.1 3.79 39.05 42.84 NOTE
r-devel-linux-x86_64-fedora-clang 1.6.0.1 76.00 NOTE
r-devel-linux-x86_64-fedora-gcc 1.6.0.1 75.80 NOTE
r-devel-windows-x86_64 1.6.0.1 17.00 81.00 98.00 NOTE
r-patched-linux-x86_64 1.6.0.1 4.68 48.54 53.22 OK
r-release-linux-x86_64 1.6.0.1 3.55 49.70 53.25 OK
r-release-macos-arm64 1.6.0.1 26.00 OK
r-release-macos-x86_64 1.6.0.1 38.00 OK
r-release-windows-x86_64 1.6.0.1 22.00 79.00 101.00 OK
r-oldrel-macos-arm64 1.6.0.1 27.00 OK
r-oldrel-macos-x86_64 1.6.0.1 37.00 OK
r-oldrel-windows-ix86+x86_64 1.6.0.1 11.00 102.00 113.00 OK

Check Details

Version: 1.6.0.1
Check: Rd files
Result: NOTE
    checkRd: (-1) carcinoma.Rd:8: Escaped LaTeX specials: \&
    checkRd: (-1) poLCA.Rd:63: Escaped LaTeX specials: \&
    checkRd: (-1) poLCA.Rd:69: Escaped LaTeX specials: \&
Flavors: r-devel-linux-x86_64-debian-clang, r-devel-linux-x86_64-debian-gcc, r-devel-linux-x86_64-fedora-clang, r-devel-linux-x86_64-fedora-gcc, r-devel-windows-x86_64

Version: 1.6.0.1
Check: Rd cross-references
Result: NOTE
    Undeclared package ‘flexmix’ in Rd xrefs
Flavor: r-devel-linux-x86_64-fedora-clang