CRAN Package Check Results for Package pmultinom

Last updated on 2022-06-29 23:53:26 CEST.

Flavor Version Tinstall Tcheck Ttotal Status Flags
r-devel-linux-x86_64-debian-clang 1.0.0 1.73 69.73 71.46 NOTE
r-devel-linux-x86_64-debian-gcc 1.0.0 1.66 52.57 54.23 NOTE
r-devel-linux-x86_64-fedora-clang 1.0.0 94.97 NOTE
r-devel-linux-x86_64-fedora-gcc 1.0.0 96.15 NOTE
r-devel-windows-x86_64 1.0.0 19.00 107.00 126.00 NOTE
r-patched-linux-x86_64 1.0.0 2.28 69.30 71.58 NOTE
r-release-linux-x86_64 1.0.0 1.78 68.35 70.13 NOTE
r-release-macos-arm64 1.0.0 30.00 NOTE
r-release-macos-x86_64 1.0.0 41.00 NOTE
r-release-windows-x86_64 1.0.0 19.00 105.00 124.00 NOTE
r-oldrel-macos-arm64 1.0.0 31.00 NOTE
r-oldrel-macos-x86_64 1.0.0 56.00 NOTE
r-oldrel-windows-ix86+x86_64 1.0.0 5.00 94.00 99.00 NOTE

Check Details

Version: 1.0.0
Check: LazyData
Result: NOTE
     'LazyData' is specified without a 'data' directory
Flavors: r-devel-linux-x86_64-debian-clang, r-devel-linux-x86_64-debian-gcc, r-devel-linux-x86_64-fedora-clang, r-devel-linux-x86_64-fedora-gcc, r-devel-windows-x86_64, r-patched-linux-x86_64, r-release-linux-x86_64, r-release-macos-arm64, r-release-macos-x86_64, r-release-windows-x86_64, r-oldrel-macos-arm64, r-oldrel-macos-x86_64, r-oldrel-windows-ix86+x86_64