Last updated on 2021-02-25 23:49:06 CET.
Flavor | Version | Tinstall | Tcheck | Ttotal | Status | Flags |
---|---|---|---|---|---|---|
r-devel-linux-x86_64-debian-clang | 0.2.0 | 2.08 | 22.68 | 24.76 | OK | |
r-devel-linux-x86_64-debian-gcc | 0.2.0 | 1.73 | 17.91 | 19.64 | OK | |
r-devel-linux-x86_64-fedora-clang | 0.2.0 | 39.17 | OK | |||
r-devel-linux-x86_64-fedora-gcc | 0.2.0 | 29.15 | OK | |||
r-devel-windows-ix86+x86_64 | 0.2.0 | 5.00 | 29.00 | 34.00 | OK | |
r-patched-linux-x86_64 | 0.2.0 | 2.28 | 22.02 | 24.30 | OK | |
r-patched-solaris-x86 | 0.2.0 | 46.10 | OK | |||
r-release-linux-x86_64 | 0.2.0 | 2.34 | 22.10 | 24.44 | OK | |
r-release-macos-x86_64 | 0.2.0 | OK | ||||
r-release-windows-ix86+x86_64 | 0.2.0 | 22.00 | 10.00 | 32.00 | ERROR | |
r-oldrel-macos-x86_64 | 0.2.0 | OK | ||||
r-oldrel-windows-ix86+x86_64 | 0.2.0 | 3.00 | 38.00 | 41.00 | OK |
Version: 0.2.0
Check: whether package can be installed
Result: ERROR
Installation failed.
See 'd:/Rcompile/CRANpkg/local/4.0/pmlbr.Rcheck/00install.out'
Flavor: r-release-windows-ix86+x86_64