CRAN Package Check Results for Package pmd

Last updated on 2021-04-22 23:49:49 CEST.

Flavor Version Tinstall Tcheck Ttotal Status Flags
r-devel-linux-x86_64-debian-clang 0.2.1 6.54 138.74 145.28 NOTE
r-devel-linux-x86_64-debian-gcc 0.2.1 4.87 112.44 117.31 OK
r-devel-linux-x86_64-fedora-clang 0.2.1 195.69 NOTE
r-devel-linux-x86_64-fedora-gcc 0.2.1 195.44 NOTE
r-devel-windows-ix86+x86_64 0.2.1 12.00 196.00 208.00 OK
r-devel-windows-x86_64-gcc10-UCRT 0.2.1 NOTE
r-patched-linux-x86_64 0.2.1 6.90 146.64 153.54 OK
r-release-linux-x86_64 0.2.1 6.04 148.19 154.23 OK
r-release-macos-x86_64 0.2.1 ERROR
r-release-windows-ix86+x86_64 0.2.1 12.00 193.00 205.00 OK
r-oldrel-macos-x86_64 0.2.1 NOTE
r-oldrel-windows-ix86+x86_64 0.2.1 18.00 181.00 199.00 OK

Check Details

Version: 0.2.1
Check: package dependencies
Result: NOTE
    Package suggested but not available for checking: 'MSnbase'
Flavors: r-devel-linux-x86_64-debian-clang, r-devel-linux-x86_64-fedora-clang, r-devel-windows-x86_64-gcc10-UCRT

Version: 0.2.1
Check: data for non-ASCII characters
Result: NOTE
     Note: found 62 marked UTF-8 strings
Flavors: r-devel-linux-x86_64-fedora-clang, r-devel-linux-x86_64-fedora-gcc, r-devel-windows-x86_64-gcc10-UCRT, r-oldrel-macos-x86_64

Version: 0.2.1
Check: package dependencies
Result: ERROR
    Package required but not available: ‘enviGCMS’
    
    See section ‘The DESCRIPTION file’ in the ‘Writing R Extensions’
    manual.
Flavor: r-release-macos-x86_64