CRAN Package Check Results for Package plyr

Last updated on 2020-01-19 23:46:53 CET.

Flavor Version Tinstall Tcheck Ttotal Status Flags
r-devel-linux-x86_64-debian-clang 1.8.5 20.47 67.60 88.07 OK
r-devel-linux-x86_64-debian-gcc 1.8.5 14.11 51.30 65.41 OK
r-devel-linux-x86_64-fedora-clang 1.8.5 109.16 OK
r-devel-linux-x86_64-fedora-gcc 1.8.5 103.56 OK
r-devel-windows-ix86+x86_64 1.8.5 60.00 129.00 189.00 OK
r-devel-windows-ix86+x86_64-gcc8 1.8.5 46.00 168.00 214.00 OK
r-patched-linux-x86_64 1.8.5 16.19 60.90 77.09 OK
r-patched-solaris-x86 1.8.5 124.30 OK
r-release-linux-x86_64 1.8.5 15.28 62.16 77.44 OK
r-release-windows-ix86+x86_64 1.8.5 59.00 126.00 185.00 OK
r-release-osx-x86_64 1.8.5 NOTE
r-oldrel-windows-ix86+x86_64 1.8.5 35.00 168.00 203.00 OK
r-oldrel-osx-x86_64 1.8.5 NOTE

Check Details

Version: 1.8.5
Check: dependencies in R code
Result: NOTE
    No protocol specified
    No protocol specified
Flavors: r-release-osx-x86_64, r-oldrel-osx-x86_64