CRAN Package Check Results for Package plyr

Last updated on 2020-08-04 23:48:44 CEST.

Flavor Version Tinstall Tcheck Ttotal Status Flags
r-devel-linux-x86_64-debian-clang 1.8.6 20.33 68.95 89.28 OK
r-devel-linux-x86_64-debian-gcc 1.8.6 15.28 53.00 68.28 OK
r-devel-linux-x86_64-fedora-clang 1.8.6 118.72 OK
r-devel-linux-x86_64-fedora-gcc 1.8.6 106.18 OK
r-devel-windows-ix86+x86_64 1.8.6 60.00 124.00 184.00 OK
r-patched-linux-x86_64 1.8.6 18.24 68.44 86.68 OK
r-patched-solaris-x86 1.8.6 130.80 OK
r-release-linux-x86_64 1.8.6 18.41 67.71 86.12 OK
r-release-macos-x86_64 1.8.6 OK
r-release-windows-ix86+x86_64 1.8.6 56.00 185.00 241.00 OK
r-oldrel-macos-x86_64 1.8.6 NOTE
r-oldrel-windows-ix86+x86_64 1.8.6 40.00 161.00 201.00 OK

Check Details

Version: 1.8.6
Check: dependencies in R code
Result: NOTE
    No protocol specified
    No protocol specified
Flavor: r-oldrel-macos-x86_64