Last updated on 2022-06-30 23:52:21 CEST.
Flavor | Version | Tinstall | Tcheck | Ttotal | Status | Flags |
---|---|---|---|---|---|---|
r-devel-linux-x86_64-debian-clang | 0.2.9 | 40.62 | 234.99 | 275.61 | NOTE | |
r-devel-linux-x86_64-debian-gcc | 0.2.9 | 27.91 | 174.38 | 202.29 | NOTE | |
r-devel-linux-x86_64-fedora-clang | 0.2.9 | 330.72 | NOTE | |||
r-devel-linux-x86_64-fedora-gcc | 0.2.9 | 324.17 | NOTE | |||
r-devel-windows-x86_64 | 0.2.9 | 68.00 | 251.00 | 319.00 | NOTE | |
r-patched-linux-x86_64 | 0.2.9 | 39.44 | 217.97 | 257.41 | OK | |
r-release-linux-x86_64 | 0.2.9 | 32.05 | 220.72 | 252.77 | OK | |
r-release-macos-arm64 | 0.2.9 | 58.00 | OK | |||
r-release-macos-x86_64 | 0.2.9 | 129.00 | OK | |||
r-release-windows-x86_64 | 0.2.9 | 52.00 | 254.00 | 306.00 | OK | |
r-oldrel-macos-arm64 | 0.2.9 | 56.00 | OK | |||
r-oldrel-macos-x86_64 | 0.2.9 | 119.00 | OK | |||
r-oldrel-windows-ix86+x86_64 | 0.2.9 | 66.00 | 253.00 | 319.00 | OK |
Version: 0.2.9
Check: Rd files
Result: NOTE
checkRd: (-1) PLS_beta_wvc.Rd:5: Escaped LaTeX specials: \_
checkRd: (-1) plsRbeta.Rd:104: Escaped LaTeX specials: \^
Flavors: r-devel-linux-x86_64-debian-clang, r-devel-linux-x86_64-debian-gcc, r-devel-linux-x86_64-fedora-clang, r-devel-linux-x86_64-fedora-gcc, r-devel-windows-x86_64