Last updated on 2021-03-01 23:49:03 CET.
Flavor | Version | Tinstall | Tcheck | Ttotal | Status | Flags |
---|---|---|---|---|---|---|
r-devel-linux-x86_64-debian-clang | 0.1.0 | OK | ||||
r-devel-linux-x86_64-debian-gcc | 0.1.0 | 2.12 | 39.61 | 41.73 | OK | |
r-devel-linux-x86_64-fedora-clang | 0.1.0 | 75.25 | NOTE | |||
r-devel-linux-x86_64-fedora-gcc | 0.1.0 | 65.02 | NOTE | |||
r-devel-windows-ix86+x86_64 | 0.1.0 | 5.00 | 60.00 | 65.00 | OK | |
r-patched-linux-x86_64 | 0.1.0 | 2.54 | 50.54 | 53.08 | OK | |
r-patched-solaris-x86 | 0.1.0 | 103.10 | NOTE | |||
r-release-linux-x86_64 | 0.1.0 | 2.53 | 51.02 | 53.55 | OK | |
r-release-macos-x86_64 | 0.1.0 | NOTE | ||||
r-release-windows-ix86+x86_64 | 0.1.0 | 7.00 | 75.00 | 82.00 | OK | |
r-oldrel-macos-x86_64 | 0.1.0 | NOTE | ||||
r-oldrel-windows-ix86+x86_64 | 0.1.0 | 4.00 | 75.00 | 79.00 | OK |
Version: 0.1.0
Check: dependencies in R code
Result: NOTE
Namespaces in Imports field not imported from:
‘dplyr’ ‘patchwork’
All declared Imports should be used.
Flavors: r-devel-linux-x86_64-fedora-clang, r-devel-linux-x86_64-fedora-gcc, r-patched-solaris-x86, r-release-macos-x86_64, r-oldrel-macos-x86_64