CRAN Package Check Results for Package plotfunctions

Last updated on 2024-07-23 00:54:35 CEST.

Flavor Version Tinstall Tcheck Ttotal Status Flags
r-devel-linux-x86_64-debian-clang 1.4 5.69 49.94 55.63 NOTE
r-devel-linux-x86_64-debian-gcc 1.4 4.21 37.28 41.49 NOTE
r-devel-linux-x86_64-fedora-clang 1.4 69.86 NOTE
r-devel-linux-x86_64-fedora-gcc 1.4 92.68 NOTE
r-devel-windows-x86_64 1.4 6.00 65.00 71.00 NOTE
r-patched-linux-x86_64 1.4 6.37 48.43 54.80 NOTE
r-release-linux-x86_64 1.4 4.41 47.91 52.32 NOTE
r-release-macos-arm64 1.4 29.00 NOTE
r-release-macos-x86_64 1.4 53.00 NOTE
r-release-windows-x86_64 1.4 6.00 64.00 70.00 NOTE
r-oldrel-macos-arm64 1.4 31.00 OK
r-oldrel-macos-x86_64 1.4 48.00 OK
r-oldrel-windows-x86_64 1.4 7.00 72.00 79.00 OK

Check Details

Version: 1.4
Check: Rd files
Result: NOTE checkRd: (-1) add_bars.Rd:15: Lost braces 15 | When \\code{y0} is not specified, the lowest value of the y-axis is used.} | ^ checkRd: (-1) add_bars.Rd:24: Lost braces 24 | \\code{\\link[graphics]{par}}.} | ^ checkRd: (-1) add_bars.Rd:24: Lost braces 24 | \\code{\\link[graphics]{par}}.} | ^ Flavors: r-devel-linux-x86_64-debian-clang, r-devel-linux-x86_64-debian-gcc, r-devel-linux-x86_64-fedora-clang, r-devel-linux-x86_64-fedora-gcc, r-devel-windows-x86_64, r-patched-linux-x86_64, r-release-linux-x86_64, r-release-macos-arm64, r-release-macos-x86_64, r-release-windows-x86_64