CRAN Package Check Results for Package plinkQC

Last updated on 2021-04-21 23:48:11 CEST.

Flavor Version Tinstall Tcheck Ttotal Status Flags
r-devel-linux-x86_64-debian-clang 0.3.3 7.80 114.42 122.22 NOTE
r-devel-linux-x86_64-debian-gcc 0.3.3 7.50 86.76 94.26 NOTE
r-devel-linux-x86_64-fedora-clang 0.3.3 161.07 NOTE
r-devel-linux-x86_64-fedora-gcc 0.3.3 144.37 NOTE
r-devel-windows-ix86+x86_64 0.3.3 19.00 167.00 186.00 NOTE
r-devel-windows-x86_64-gcc10-UCRT 0.3.3 NOTE
r-patched-linux-x86_64 0.3.3 9.95 106.71 116.66 OK
r-patched-solaris-x86 0.3.3 157.40 OK
r-release-linux-x86_64 0.3.3 9.28 107.68 116.96 OK
r-release-macos-x86_64 0.3.3 OK
r-release-windows-ix86+x86_64 0.3.3 20.00 135.00 155.00 OK
r-oldrel-macos-x86_64 0.3.3 OK
r-oldrel-windows-ix86+x86_64 0.3.3 30.00 150.00 180.00 OK

Check Details

Version: 0.3.3
Check: LazyData
Result: NOTE
     'LazyData' is specified without a 'data' directory
Flavors: r-devel-linux-x86_64-debian-clang, r-devel-linux-x86_64-debian-gcc, r-devel-linux-x86_64-fedora-clang, r-devel-linux-x86_64-fedora-gcc, r-devel-windows-ix86+x86_64, r-devel-windows-x86_64-gcc10-UCRT