CRAN Package Check Results for Package picasso

Last updated on 2022-01-26 23:50:27 CET.

Flavor Version Tinstall Tcheck Ttotal Status Flags
r-devel-linux-x86_64-debian-clang 1.3.1 17.58 84.24 101.82 OK
r-devel-linux-x86_64-debian-gcc 1.3.1 14.31 66.66 80.97 OK
r-devel-linux-x86_64-fedora-clang 1.3.1 127.52 NOTE
r-devel-linux-x86_64-fedora-gcc 1.3.1 120.80 OK
r-devel-windows-x86_64-new-UL 1.3.1 421.00 128.00 549.00 OK
r-devel-windows-x86_64-new-TK 1.3.1 OK
r-patched-linux-x86_64 1.3.1 16.76 78.95 95.71 OK
r-release-linux-x86_64 1.3.1 16.79 79.66 96.45 OK
r-release-macos-arm64 1.3.1 NOTE
r-release-macos-x86_64 1.3.1 NOTE
r-release-windows-ix86+x86_64 1.3.1 39.00 123.00 162.00 OK
r-oldrel-macos-x86_64 1.3.1 NOTE
r-oldrel-windows-ix86+x86_64 1.3.1 39.00 123.00 162.00 OK

Check Details

Version: 1.3.1
Check: installed package size
Result: NOTE
     installed size is 5.4Mb
     sub-directories of 1Mb or more:
     libs 4.3Mb
Flavors: r-devel-linux-x86_64-fedora-clang, r-release-macos-arm64, r-release-macos-x86_64, r-oldrel-macos-x86_64