CRAN Package Check Results for Package phyloseqGraphTest

Last updated on 2021-04-21 23:48:11 CEST.

Flavor Version Tinstall Tcheck Ttotal Status Flags
r-devel-linux-x86_64-debian-clang 0.1.0 24.51 236.64 261.15 NOTE
r-devel-linux-x86_64-debian-gcc 0.1.0 20.02 176.47 196.49 NOTE
r-devel-linux-x86_64-fedora-clang 0.1.0 335.91 NOTE
r-devel-linux-x86_64-fedora-gcc 0.1.0 313.37 NOTE
r-devel-windows-ix86+x86_64 0.1.0 59.00 229.00 288.00 NOTE
r-devel-windows-x86_64-gcc10-UCRT 0.1.0 ERROR
r-patched-linux-x86_64 0.1.0 22.13 217.85 239.98 OK
r-patched-solaris-x86 0.1.0 462.40 NOTE
r-release-linux-x86_64 0.1.0 21.68 214.68 236.36 OK
r-release-macos-x86_64 0.1.0 NOTE
r-release-windows-ix86+x86_64 0.1.0 59.00 269.00 328.00 OK
r-oldrel-macos-x86_64 0.1.0 NOTE
r-oldrel-windows-ix86+x86_64 0.1.0 60.00 238.00 298.00 OK

Check Details

Version: 0.1.0
Check: LazyData
Result: NOTE
     'LazyData' is specified without a 'data' directory
Flavors: r-devel-linux-x86_64-debian-clang, r-devel-linux-x86_64-debian-gcc, r-devel-linux-x86_64-fedora-clang, r-devel-linux-x86_64-fedora-gcc, r-devel-windows-ix86+x86_64

Version: 0.1.0
Check: dependencies in R code
Result: NOTE
    Namespace in Imports field not imported from: ‘intergraph’
     All declared Imports should be used.
Flavors: r-devel-linux-x86_64-fedora-clang, r-devel-linux-x86_64-fedora-gcc, r-patched-solaris-x86, r-release-macos-x86_64, r-oldrel-macos-x86_64

Version: 0.1.0
Check: package dependencies
Result: ERROR
    Package required but not available: 'phyloseq'
    
    See section 'The DESCRIPTION file' in the 'Writing R Extensions'
    manual.
Flavor: r-devel-windows-x86_64-gcc10-UCRT