CRAN Package Check Results for Package phylosamp

Last updated on 2022-12-04 23:53:41 CET.

Flavor Version Tinstall Tcheck Ttotal Status Flags
r-devel-linux-x86_64-debian-clang 0.1.6 2.80 82.15 84.95 OK
r-devel-linux-x86_64-debian-gcc 0.1.6 2.35 61.90 64.25 OK
r-devel-linux-x86_64-fedora-clang 0.1.6 111.24 NOTE
r-devel-linux-x86_64-fedora-gcc 0.1.6 109.95 NOTE
r-devel-windows-x86_64 0.1.6 24.00 121.00 145.00 OK
r-patched-linux-x86_64 0.1.6 3.08 76.95 80.03 OK
r-release-linux-x86_64 0.1.6 3.11 74.06 77.17 OK
r-release-macos-arm64 0.1.6 30.00 NOTE
r-release-macos-x86_64 0.1.6 57.00 NOTE
r-release-windows-x86_64 0.1.6 39.00 124.00 163.00 OK
r-oldrel-macos-arm64 0.1.6 49.00 NOTE
r-oldrel-macos-x86_64 0.1.6 45.00 NOTE
r-oldrel-windows-ix86+x86_64 0.1.6 8.00 112.00 120.00 OK

Check Details

Version: 0.1.6
Check: dependencies in R code
Result: NOTE
    Namespaces in Imports field not imported from:
     ‘RColorBrewer’ ‘cowplot’ ‘ggplot2’ ‘reshape2’
     All declared Imports should be used.
Flavors: r-devel-linux-x86_64-fedora-clang, r-devel-linux-x86_64-fedora-gcc, r-release-macos-arm64, r-release-macos-x86_64, r-oldrel-macos-arm64, r-oldrel-macos-x86_64