CRAN Package Check Results for Package phyloregion

Last updated on 2024-06-13 00:55:26 CEST.

Flavor Version Tinstall Tcheck Ttotal Status Flags
r-devel-linux-x86_64-debian-clang 1.0.8 42.30 427.04 469.34 NOTE
r-devel-linux-x86_64-debian-gcc 1.0.8 0.42 1.76 2.18 ERROR
r-devel-linux-x86_64-fedora-clang 1.0.8 588.13 NOTE
r-devel-linux-x86_64-fedora-gcc 1.0.8 369.26 NOTE
r-devel-windows-x86_64 1.0.8 31.00 269.00 300.00 NOTE
r-patched-linux-x86_64 1.0.8 41.69 399.97 441.66 NOTE
r-release-linux-x86_64 1.0.8 42.56 400.35 442.91 NOTE
r-release-macos-arm64 1.0.8 139.00 NOTE
r-release-macos-x86_64 1.0.8 221.00 NOTE
r-release-windows-x86_64 1.0.8 33.00 270.00 303.00 NOTE
r-oldrel-macos-arm64 1.0.8 135.00 NOTE
r-oldrel-macos-x86_64 1.0.8 246.00 NOTE
r-oldrel-windows-x86_64 1.0.8 44.00 355.00 399.00 OK

Check Details

Version: 1.0.8
Check: Rd files
Result: NOTE checkRd: (-1) fitgom.Rd:87: Lost braces 87 | \item \code{theta} The ncol{counts} by K matrix of estimated | ^ checkRd: (-1) fitgom.Rd:89: Lost braces 89 | \item \code{omega} The nrow{counts} by K matrix of estimated | ^ Flavors: r-devel-linux-x86_64-debian-clang, r-devel-linux-x86_64-fedora-clang, r-devel-linux-x86_64-fedora-gcc, r-devel-windows-x86_64, r-patched-linux-x86_64, r-release-linux-x86_64, r-release-macos-arm64, r-release-macos-x86_64, r-release-windows-x86_64

Version: 1.0.8
Check: package dependencies
Result: ERROR Packages required but not available: 'phangorn', 'igraph', 'clustMixType' Package suggested but not available for checking: ‘phyloseq’ See section ‘The DESCRIPTION file’ in the ‘Writing R Extensions’ manual. Flavor: r-devel-linux-x86_64-debian-gcc

Version: 1.0.8
Check: Rd cross-references
Result: NOTE Undeclared package ‘picante’ in Rd xrefs Flavor: r-devel-linux-x86_64-fedora-clang

Version: 1.0.8
Check: package dependencies
Result: NOTE Package suggested but not available for checking: ‘phyloseq’ Flavors: r-oldrel-macos-arm64, r-oldrel-macos-x86_64