CRAN Package Check Results for Package phylocanvas

Last updated on 2020-05-24 23:47:51 CEST.

Flavor Version Tinstall Tcheck Ttotal Status Flags
r-devel-linux-x86_64-debian-clang 0.1.3 8.26 74.46 82.72 OK
r-devel-linux-x86_64-debian-gcc 0.1.3 7.26 55.61 62.87 OK
r-devel-linux-x86_64-fedora-clang 0.1.3 94.78 OK
r-devel-linux-x86_64-fedora-gcc 0.1.3 95.50 OK
r-devel-windows-ix86+x86_64 0.1.3 40.00 83.00 123.00 OK
r-patched-linux-x86_64 0.1.3 7.72 70.97 78.69 OK
r-patched-solaris-x86 0.1.3 140.30 WARN
r-release-linux-x86_64 0.1.3 8.40 69.65 78.05 OK
r-release-osx-x86_64 0.1.3 OK
r-release-windows-ix86+x86_64 0.1.3 26.00 121.00 147.00 OK
r-oldrel-osx-x86_64 0.1.3 WARN
r-oldrel-windows-ix86+x86_64 0.1.3 19.00 131.00 150.00 OK

Check Details

Version: 0.1.3
Check: re-building of vignette outputs
Result: WARN
    Error(s) in re-building vignettes:
     ...
    --- re-building ‘Advanced_Usage.Rmd’ using rmarkdown
    Warning in engine$weave(file, quiet = quiet, encoding = enc) :
     Pandoc (>= 1.12.3) and/or pandoc-citeproc not available. Falling back to R Markdown v1.
    Quitting from lines 20-27 (Advanced_Usage.Rmd)
    Error: processing vignette 'Advanced_Usage.Rmd' failed with diagnostics:
    there is no package called 'webshot'
    --- failed re-building ‘Advanced_Usage.Rmd’
    
    --- re-building ‘Basic_Use.Rmd’ using rmarkdown
    Warning in engine$weave(file, quiet = quiet, encoding = enc) :
     Pandoc (>= 1.12.3) and/or pandoc-citeproc not available. Falling back to R Markdown v1.
    Quitting from lines 30-32 (Basic_Use.Rmd)
    Error: processing vignette 'Basic_Use.Rmd' failed with diagnostics:
    there is no package called 'webshot'
    --- failed re-building ‘Basic_Use.Rmd’
    
    SUMMARY: processing the following files failed:
     ‘Advanced_Usage.Rmd’ ‘Basic_Use.Rmd’
    
    Error: Vignette re-building failed.
    Execution halted
Flavor: r-patched-solaris-x86

Version: 0.1.3
Check: re-building of vignette outputs
Result: WARN
    Error(s) in re-building vignettes:
    --- re-building ‘Advanced_Usage.Rmd’ using rmarkdown
    Warning in engine$weave(file, quiet = quiet, encoding = enc) :
     Pandoc (>= 1.12.3) and/or pandoc-citeproc not available. Falling back to R Markdown v1.
    Warning in normalizePath(f2) :
     path[1]="webshotc4dc454c7107.png": No such file or directory
    Warning in file(con, "rb") :
     cannot open file 'webshotc4dc454c7107.png': No such file or directory
    Quitting from lines 20-27 (Advanced_Usage.Rmd)
    Error: processing vignette 'Advanced_Usage.Rmd' failed with diagnostics:
    cannot open the connection
    --- failed re-building ‘Advanced_Usage.Rmd’
    
    --- re-building ‘Basic_Use.Rmd’ using rmarkdown
    Warning in engine$weave(file, quiet = quiet, encoding = enc) :
     Pandoc (>= 1.12.3) and/or pandoc-citeproc not available. Falling back to R Markdown v1.
    Quitting from lines 30-32 (Basic_Use.Rmd)
    Error: processing vignette 'Basic_Use.Rmd' failed with diagnostics:
    cannot open the connection
    --- failed re-building ‘Basic_Use.Rmd’
    
    SUMMARY: processing the following files failed:
     ‘Advanced_Usage.Rmd’ ‘Basic_Use.Rmd’
    
    Error: Vignette re-building failed.
    Execution halted
Flavor: r-oldrel-osx-x86_64