Last updated on 2022-07-01 23:53:29 CEST.
Flavor | Version | Tinstall | Tcheck | Ttotal | Status | Flags |
---|---|---|---|---|---|---|
r-devel-linux-x86_64-debian-clang | 0.8.10 | 39.95 | 176.72 | 216.67 | NOTE | |
r-devel-linux-x86_64-debian-gcc | 0.8.10 | 33.17 | 129.28 | 162.45 | NOTE | |
r-devel-linux-x86_64-fedora-clang | 0.8.10 | 270.87 | NOTE | |||
r-devel-linux-x86_64-fedora-gcc | 0.8.10 | 264.54 | NOTE | |||
r-devel-windows-x86_64 | 0.8.10 | 137.00 | 226.00 | 363.00 | NOTE | |
r-patched-linux-x86_64 | 0.8.10 | 33.97 | 164.71 | 198.68 | OK | |
r-release-linux-x86_64 | 0.8.10 | 26.61 | 161.93 | 188.54 | OK | |
r-release-macos-arm64 | 0.8.10 | 67.00 | OK | |||
r-release-macos-x86_64 | 0.8.10 | 130.00 | OK | |||
r-release-windows-x86_64 | 0.8.10 | 108.00 | 228.00 | 336.00 | OK | |
r-oldrel-macos-arm64 | 0.8.10 | 84.00 | OK | |||
r-oldrel-macos-x86_64 | 0.8.10 | 107.00 | OK | |||
r-oldrel-windows-ix86+x86_64 | 0.8.10 | 90.00 | 305.00 | 395.00 | OK |
Version: 0.8.10
Check: Rd files
Result: NOTE
checkRd: (-1) phylo4d-methods.Rd:209: Escaped LaTeX specials: \$
Flavors: r-devel-linux-x86_64-debian-clang, r-devel-linux-x86_64-debian-gcc, r-devel-linux-x86_64-fedora-clang, r-devel-linux-x86_64-fedora-gcc, r-devel-windows-x86_64