CRAN Package Check Results for Package phia

Last updated on 2022-01-25 23:50:34 CET.

Flavor Version Tinstall Tcheck Ttotal Status Flags
r-devel-linux-x86_64-debian-clang 0.2-1 9.53 95.54 105.07 OK
r-devel-linux-x86_64-debian-gcc 0.2-1 9.24 73.87 83.11 OK
r-devel-linux-x86_64-fedora-clang 0.2-1 125.37 OK
r-devel-linux-x86_64-fedora-gcc 0.2-1 118.51 OK
r-devel-windows-x86_64-new-UL 0.2-1 34.00 111.00 145.00 OK
r-devel-windows-x86_64-new-TK 0.2-1 ERROR
r-patched-linux-x86_64 0.2-1 14.23 89.42 103.65 OK
r-release-linux-x86_64 0.2-1 6.53 90.25 96.78 OK
r-release-macos-arm64 0.2-1 OK
r-release-macos-x86_64 0.2-1 OK
r-release-windows-ix86+x86_64 0.2-1 20.00 105.00 125.00 OK
r-oldrel-macos-x86_64 0.2-1 OK
r-oldrel-windows-ix86+x86_64 0.2-1 19.00 104.00 123.00 OK

Check Details

Version: 0.2-1
Check: package dependencies
Result: ERROR
    Package required but not available: 'car'
    
    Package suggested but not available for checking: 'lme4'
    
    See section 'The DESCRIPTION file' in the 'Writing R Extensions'
    manual.
Flavor: r-devel-windows-x86_64-new-TK