CRAN Package Check Results for Package pheatmap

Last updated on 2019-08-11 23:47:36 CEST.

Flavor Version Tinstall Tcheck Ttotal Status Flags
r-devel-linux-x86_64-debian-clang 1.0.12 3.33 30.26 33.59 NOTE
r-devel-linux-x86_64-debian-gcc 1.0.12 3.02 23.91 26.93 NOTE
r-devel-linux-x86_64-fedora-clang 1.0.12 40.05 NOTE
r-devel-linux-x86_64-fedora-gcc 1.0.12 39.18 NOTE
r-devel-windows-ix86+x86_64 1.0.12 9.00 60.00 69.00 OK
r-patched-linux-x86_64 1.0.12 2.79 29.84 32.63 OK
r-patched-solaris-x86 1.0.12 62.70 OK
r-release-linux-x86_64 1.0.12 3.42 29.78 33.20 OK
r-release-windows-ix86+x86_64 1.0.12 10.00 43.00 53.00 OK
r-release-osx-x86_64 1.0.12 OK
r-oldrel-windows-ix86+x86_64 1.0.12 6.00 60.00 66.00 OK
r-oldrel-osx-x86_64 1.0.12 OK

Check Details

Version: 1.0.12
Check: for non-standard things in the check directory
Result: NOTE
    Found the following files/directories:
     'test.pdf'
Flavors: r-devel-linux-x86_64-debian-clang, r-devel-linux-x86_64-debian-gcc, r-devel-linux-x86_64-fedora-clang, r-devel-linux-x86_64-fedora-gcc