CRAN Package Check Results for Package pheatmap

Last updated on 2021-04-14 23:47:21 CEST.

Flavor Version Tinstall Tcheck Ttotal Status Flags
r-devel-linux-x86_64-debian-clang 1.0.12 3.72 33.49 37.21 NOTE
r-devel-linux-x86_64-debian-gcc 1.0.12 3.07 25.95 29.02 NOTE
r-devel-linux-x86_64-fedora-clang 1.0.12 54.04 NOTE
r-devel-linux-x86_64-fedora-gcc 1.0.12 46.05 NOTE
r-devel-windows-ix86+x86_64 1.0.12 8.00 42.00 50.00 OK
r-devel-windows-x86_64-gcc10-UCRT 1.0.12 OK
r-patched-linux-x86_64 1.0.12 3.70 31.56 35.26 NOTE
r-patched-solaris-x86 1.0.12 65.20 NOTE
r-release-linux-x86_64 1.0.12 3.25 32.07 35.32 NOTE
r-release-macos-x86_64 1.0.12 OK
r-release-windows-ix86+x86_64 1.0.12 8.00 51.00 59.00 OK
r-oldrel-macos-x86_64 1.0.12 OK
r-oldrel-windows-ix86+x86_64 1.0.12 6.00 35.00 41.00 OK

Check Details

Version: 1.0.12
Check: for non-standard things in the check directory
Result: NOTE
    Found the following files/directories:
     'test.pdf'
Flavors: r-devel-linux-x86_64-debian-clang, r-devel-linux-x86_64-debian-gcc, r-devel-linux-x86_64-fedora-clang, r-devel-linux-x86_64-fedora-gcc, r-patched-linux-x86_64, r-patched-solaris-x86, r-release-linux-x86_64