CRAN Package Check Results for Package ph2mult

Last updated on 2023-10-04 00:58:32 CEST.

Flavor Version Tinstall Tcheck Ttotal Status Flags
r-devel-linux-x86_64-debian-clang 0.1.1 3.10 30.65 33.75 NOTE
r-devel-linux-x86_64-debian-gcc 0.1.1 2.23 23.56 25.79 NOTE
r-devel-linux-x86_64-fedora-clang 0.1.1 42.20 NOTE
r-devel-linux-x86_64-fedora-gcc 0.1.1 41.20 NOTE
r-devel-windows-x86_64 0.1.1 3.00 50.00 53.00 NOTE
r-patched-linux-x86_64 0.1.1 2.60 30.18 32.78 NOTE
r-release-linux-x86_64 0.1.1 2.76 30.74 33.50 NOTE
r-release-macos-arm64 0.1.1 17.00 NOTE
r-release-macos-x86_64 0.1.1 25.00 NOTE
r-release-windows-x86_64 0.1.1 3.00 48.00 51.00 NOTE
r-oldrel-macos-arm64 0.1.1 18.00 NOTE
r-oldrel-macos-x86_64 0.1.1 23.00 NOTE
r-oldrel-windows-x86_64 0.1.1 4.00 53.00 57.00 NOTE

Check Details

Version: 0.1.1
Check: LazyData
Result: NOTE
     'LazyData' is specified without a 'data' directory
Flavors: r-devel-linux-x86_64-debian-clang, r-devel-linux-x86_64-debian-gcc, r-devel-linux-x86_64-fedora-clang, r-devel-linux-x86_64-fedora-gcc, r-devel-windows-x86_64, r-patched-linux-x86_64, r-release-linux-x86_64, r-release-macos-arm64, r-release-macos-x86_64, r-release-windows-x86_64, r-oldrel-macos-arm64, r-oldrel-macos-x86_64, r-oldrel-windows-x86_64