CRAN Package Check Results for Package pglm

Last updated on 2021-03-01 23:49:03 CET.

Flavor Version Tinstall Tcheck Ttotal Status Flags
r-devel-linux-x86_64-debian-clang 0.2-2 OK
r-devel-linux-x86_64-debian-gcc 0.2-2 5.22 40.71 45.93 OK
r-devel-linux-x86_64-fedora-clang 0.2-2 81.14 OK
r-devel-linux-x86_64-fedora-gcc 0.2-2 69.94 OK
r-devel-windows-ix86+x86_64 0.2-2 9.00 57.00 66.00 OK
r-patched-linux-x86_64 0.2-2 6.15 50.34 56.49 OK
r-patched-solaris-x86 0.2-2 98.30 OK
r-release-linux-x86_64 0.2-2 5.96 51.17 57.13 OK
r-release-macos-x86_64 0.2-2 OK
r-release-windows-ix86+x86_64 0.2-2 14.00 9.00 23.00 ERROR
r-oldrel-macos-x86_64 0.2-2 OK
r-oldrel-windows-ix86+x86_64 0.2-2 10.00 73.00 83.00 OK

Check Details

Version: 0.2-2
Check: whether package can be installed
Result: ERROR
    Installation failed.
Flavor: r-release-windows-ix86+x86_64