CRAN Package Check Results for Package pgee.mixed

Last updated on 2019-07-22 06:47:45 CEST.

Flavor Version Tinstall Tcheck Ttotal Status Flags
r-devel-linux-x86_64-debian-clang 0.1.0 34.55 31.12 65.67 OK
r-devel-linux-x86_64-debian-gcc 0.1.0 25.85 25.11 50.96 OK
r-devel-linux-x86_64-fedora-clang 0.1.0 85.33 NOTE
r-devel-linux-x86_64-fedora-gcc 0.1.0 83.28 NOTE
r-devel-windows-ix86+x86_64 0.1.0 58.00 83.00 141.00 OK
r-patched-linux-x86_64 0.1.0 30.79 30.64 61.43 OK
r-patched-solaris-x86 0.1.0 102.00 OK
r-release-linux-x86_64 0.1.0 29.92 30.61 60.53 OK
r-release-windows-ix86+x86_64 0.1.0 57.00 61.00 118.00 OK
r-release-osx-x86_64 0.1.0 OK
r-oldrel-windows-ix86+x86_64 0.1.0 74.00 58.00 132.00 OK
r-oldrel-osx-x86_64 0.1.0 OK

Check Details

Version: 0.1.0
Check: compiled code
Result: NOTE
    File ‘pgee.mixed/libs/pgee.mixed.so’:
     Found no calls to: ‘R_registerRoutines’, ‘R_useDynamicSymbols’
    
    It is good practice to register native routines and to disable symbol
    search.
    
    See ‘Writing portable packages’ in the ‘Writing R Extensions’ manual.
Flavors: r-devel-linux-x86_64-fedora-clang, r-devel-linux-x86_64-fedora-gcc