CRAN Package Check Results for Package pez

Last updated on 2020-09-22 23:53:16 CEST.

Flavor Version Tinstall Tcheck Ttotal Status Flags
r-devel-linux-x86_64-debian-clang 1.2-1 17.34 208.43 225.77 OK
r-devel-linux-x86_64-debian-gcc 1.2-1 13.39 166.69 180.08 OK
r-devel-linux-x86_64-fedora-clang 1.2-1 329.04 OK
r-devel-linux-x86_64-fedora-gcc 1.2-1 281.14 OK
r-devel-windows-ix86+x86_64 1.2-1 34.00 256.00 290.00 OK
r-patched-linux-x86_64 1.2-1 14.38 193.18 207.56 OK
r-patched-solaris-x86 1.2-1 359.00 OK
r-release-linux-x86_64 1.2-1 15.70 200.02 215.72 OK
r-release-macos-x86_64 1.2-1 OK
r-release-windows-ix86+x86_64 1.2-1 39.00 277.00 316.00 OK
r-oldrel-macos-x86_64 1.2-1 OK
r-oldrel-windows-ix86+x86_64 1.2-1 22.00 207.00 229.00 WARN

Check Details

Version: 1.2-1
Check: re-building of vignette outputs
Result: WARN
    Error(s) in re-building vignettes:
    --- re-building 'pez-intro.Rnw' using knitr
    --- finished re-building 'pez-intro.Rnw'
    
    --- re-building 'pez-pglmm-overview.Rnw' using knitr
    Quitting from lines 181-184 (pez-pglmm-overview.Rnw)
    Error: processing vignette 'pez-pglmm-overview.Rnw' failed with diagnostics:
    Estimation of B failed. Check for lack of variation in Y. You could try with a smaller s2.init, but this might not help.
    --- failed re-building 'pez-pglmm-overview.Rnw'
    
    SUMMARY: processing the following file failed:
     'pez-pglmm-overview.Rnw'
    
    Error: Vignette re-building failed.
    Execution halted
Flavor: r-oldrel-windows-ix86+x86_64