CRAN Package Check Results for Package permGS

Last updated on 2024-06-25 00:58:10 CEST.

Flavor Version Tinstall Tcheck Ttotal Status Flags
r-devel-linux-x86_64-debian-clang 0.2.5 8.13 85.92 94.05 NOTE
r-devel-linux-x86_64-debian-gcc 0.2.5 7.49 65.08 72.57 NOTE
r-devel-linux-x86_64-fedora-clang 0.2.5 117.23 NOTE
r-devel-linux-x86_64-fedora-gcc 0.2.5 111.87 NOTE
r-devel-windows-x86_64 0.2.5 9.00 78.00 87.00 NOTE
r-patched-linux-x86_64 0.2.5 8.21 81.71 89.92 NOTE
r-release-linux-x86_64 0.2.5 7.60 84.43 92.03 NOTE
r-release-macos-arm64 0.2.5 36.00 NOTE
r-release-macos-x86_64 0.2.5 55.00 NOTE
r-release-windows-x86_64 0.2.5 8.00 83.00 91.00 NOTE
r-oldrel-macos-arm64 0.2.5 42.00 NOTE
r-oldrel-macos-x86_64 0.2.5 64.00 NOTE
r-oldrel-windows-x86_64 0.2.5 12.00 92.00 104.00 NOTE

Check Details

Version: 0.2.5
Check: LazyData
Result: NOTE 'LazyData' is specified without a 'data' directory Flavors: r-devel-linux-x86_64-debian-clang, r-devel-linux-x86_64-debian-gcc, r-devel-linux-x86_64-fedora-clang, r-devel-linux-x86_64-fedora-gcc, r-devel-windows-x86_64, r-patched-linux-x86_64, r-release-linux-x86_64, r-release-macos-arm64, r-release-macos-x86_64, r-release-windows-x86_64, r-oldrel-macos-arm64, r-oldrel-macos-x86_64, r-oldrel-windows-x86_64