CRAN Package Check Results for Package pense

Last updated on 2022-01-21 23:48:55 CET.

Flavor Version Tinstall Tcheck Ttotal Status Flags
r-devel-linux-x86_64-debian-clang 2.1.0 413.19 163.32 576.51 OK
r-devel-linux-x86_64-debian-gcc 2.1.0 327.29 116.39 443.68 OK
r-devel-linux-x86_64-fedora-clang 2.1.0 866.41 NOTE
r-devel-linux-x86_64-fedora-gcc 2.1.0 818.14 OK
r-devel-windows-x86_64-new-UL 2.1.0 414.00 273.00 687.00 OK
r-devel-windows-x86_64-new-TK 2.1.0 OK
r-patched-linux-x86_64 2.1.0 403.91 155.53 559.44 OK
r-release-linux-x86_64 2.1.0 389.88 153.69 543.57 OK
r-release-macos-arm64 2.1.0 NOTE
r-release-macos-x86_64 2.1.0 NOTE
r-release-windows-ix86+x86_64 2.1.0 890.00 331.00 1221.00 NOTE
r-oldrel-macos-x86_64 2.1.0 NOTE
r-oldrel-windows-ix86+x86_64 2.1.0 907.00 335.00 1242.00 NOTE

Check Details

Version: 2.1.0
Check: installed package size
Result: NOTE
     installed size is 43.8Mb
     sub-directories of 1Mb or more:
     libs 42.6Mb
Flavors: r-devel-linux-x86_64-fedora-clang, r-release-macos-arm64, r-release-macos-x86_64, r-release-windows-ix86+x86_64, r-oldrel-macos-x86_64, r-oldrel-windows-ix86+x86_64