CRAN Package Check Results for Package pendensity

Last updated on 2022-12-02 23:50:35 CET.

Flavor Version Tinstall Tcheck Ttotal Status Flags
r-devel-linux-x86_64-debian-clang 0.2.13 12.62 109.22 121.84 NOTE
r-devel-linux-x86_64-debian-gcc 0.2.13 10.89 83.40 94.29 NOTE
r-devel-linux-x86_64-fedora-clang 0.2.13 163.64 NOTE
r-devel-linux-x86_64-fedora-gcc 0.2.13 159.83 NOTE
r-devel-windows-x86_64 0.2.13 29.00 150.00 179.00 NOTE
r-patched-linux-x86_64 0.2.13 11.99 106.07 118.06 OK
r-release-linux-x86_64 0.2.13 11.40 104.70 116.10 OK
r-release-macos-arm64 0.2.13 46.00 OK
r-release-macos-x86_64 0.2.13 83.00 OK
r-release-windows-x86_64 0.2.13 31.00 158.00 189.00 OK
r-oldrel-macos-arm64 0.2.13 59.00 OK
r-oldrel-macos-x86_64 0.2.13 91.00 OK
r-oldrel-windows-ix86+x86_64 0.2.13 27.00 133.00 160.00 OK

Check Details

Version: 0.2.13
Check: Rd files
Result: NOTE
    checkRd: (-1) my.bspline.Rd:21: Escaped LaTeX specials: \$ \$ \$ \$ \$ \$
    checkRd: (-1) my.bspline.Rd:27: Escaped LaTeX specials: \$ \$ \$
    checkRd: (-1) pendensity.Rd:52: Escaped LaTeX specials: \$
    checkRd: (-1) pendensity.Rd:57: Escaped LaTeX specials: \$ \$
    checkRd: (-1) pendensity.Rd:66: Escaped LaTeX specials: \$
    checkRd: (-1) pendensity.Rd:82: Escaped LaTeX specials: \$ \$
    checkRd: (-1) pendensity.Rd:96: Escaped LaTeX specials: \$
    checkRd: (-1) pendensity.Rd:100: Escaped LaTeX specials: \$
    checkRd: (-1) pendensity.Rd:105: Escaped LaTeX specials: \$
    checkRd: (-1) pendensity.Rd:109: Escaped LaTeX specials: \$
Flavors: r-devel-linux-x86_64-debian-clang, r-devel-linux-x86_64-debian-gcc, r-devel-linux-x86_64-fedora-clang, r-devel-linux-x86_64-fedora-gcc, r-devel-windows-x86_64