Last updated on 2022-06-26 23:52:05 CEST.
Flavor | Version | Tinstall | Tcheck | Ttotal | Status | Flags |
---|---|---|---|---|---|---|
r-devel-linux-x86_64-debian-clang | 0.2 | 20.52 | 142.18 | 162.70 | NOTE | |
r-devel-linux-x86_64-debian-gcc | 0.2 | 15.07 | 104.81 | 119.88 | NOTE | |
r-devel-linux-x86_64-fedora-clang | 0.2 | 202.36 | NOTE | |||
r-devel-linux-x86_64-fedora-gcc | 0.2 | 210.21 | NOTE | |||
r-devel-windows-x86_64 | 0.2 | 75.00 | 151.00 | 226.00 | NOTE | |
r-patched-linux-x86_64 | 0.2 | 15.46 | 133.95 | 149.41 | OK | |
r-release-linux-x86_64 | 0.2 | 14.62 | 133.93 | 148.55 | OK | |
r-release-macos-arm64 | 0.2 | 47.00 | OK | |||
r-release-macos-x86_64 | 0.2 | 90.00 | OK | |||
r-release-windows-x86_64 | 0.2 | 81.00 | 148.00 | 229.00 | OK | |
r-oldrel-macos-arm64 | 0.2 | 65.00 | OK | |||
r-oldrel-macos-x86_64 | 0.2 | 101.00 | OK | |||
r-oldrel-windows-ix86+x86_64 | 0.2 | 38.00 | 150.00 | 188.00 | OK |
Version: 0.2
Check: Rd files
Result: NOTE
checkRd: (-1) my.bspline.Rd:38: Escaped LaTeX specials: \$ \$ \$
Flavors: r-devel-linux-x86_64-debian-clang, r-devel-linux-x86_64-debian-gcc, r-devel-linux-x86_64-fedora-clang, r-devel-linux-x86_64-fedora-gcc, r-devel-windows-x86_64