CRAN Package Check Results for Package pedigreeTools

Last updated on 2022-01-23 23:50:25 CET.

Flavor Version Tinstall Tcheck Ttotal Status Flags
r-devel-linux-x86_64-debian-clang 0.1 3.26 38.02 41.28 NOTE
r-devel-linux-x86_64-debian-gcc 0.1 3.85 31.63 35.48 NOTE
r-devel-linux-x86_64-fedora-clang 0.1 52.91 NOTE
r-devel-linux-x86_64-fedora-gcc 0.1 40.70 NOTE
r-devel-windows-x86_64-new-UL 0.1 114.00 59.00 173.00 NOTE
r-devel-windows-x86_64-new-TK 0.1 NOTE
r-patched-linux-x86_64 0.1 3.57 36.93 40.50 NOTE
r-release-linux-x86_64 0.1 4.12 36.25 40.37 NOTE
r-release-macos-arm64 0.1 NOTE
r-release-macos-x86_64 0.1 NOTE
r-release-windows-ix86+x86_64 0.1 14.00 59.00 73.00 NOTE
r-oldrel-macos-x86_64 0.1 OK
r-oldrel-windows-ix86+x86_64 0.1 15.00 61.00 76.00 OK

Additional issues

rchk

Check Details

Version: 0.1
Check: LazyData
Result: NOTE
     'LazyData' is specified without a 'data' directory
Flavors: r-devel-linux-x86_64-debian-clang, r-devel-linux-x86_64-debian-gcc, r-devel-linux-x86_64-fedora-clang, r-devel-linux-x86_64-fedora-gcc, r-devel-windows-x86_64-new-UL, r-devel-windows-x86_64-new-TK, r-patched-linux-x86_64, r-release-linux-x86_64, r-release-macos-arm64, r-release-macos-x86_64, r-release-windows-ix86+x86_64