Last updated on 2023-01-28 23:51:46 CET.
Flavor | Version | Tinstall | Tcheck | Ttotal | Status | Flags |
---|---|---|---|---|---|---|
r-devel-linux-x86_64-debian-clang | 0.3.0 | 8.03 | 166.47 | 174.50 | NOTE | |
r-devel-linux-x86_64-debian-gcc | 0.3.0 | 5.85 | 121.02 | 126.87 | NOTE | |
r-devel-linux-x86_64-fedora-clang | 0.3.0 | 213.57 | NOTE | |||
r-devel-linux-x86_64-fedora-gcc | 0.3.0 | 241.43 | NOTE | |||
r-patched-linux-x86_64 | 0.3.0 | 9.50 | 154.79 | 164.29 | NOTE | |
r-release-linux-x86_64 | 0.3.0 | 8.87 | 147.72 | 156.59 | NOTE | |
r-release-macos-arm64 | 0.3.0 | 50.00 | NOTE | |||
r-release-macos-x86_64 | 0.3.0 | 80.00 | NOTE | |||
r-release-windows-x86_64 | 0.3.0 | 91.00 | 201.00 | 292.00 | NOTE | |
r-oldrel-macos-arm64 | 0.3.0 | 57.00 | NOTE | |||
r-oldrel-macos-x86_64 | 0.3.0 | 111.00 | NOTE | |||
r-oldrel-windows-ix86+x86_64 | 0.3.0 | 17.00 | 195.00 | 212.00 | NOTE |
Version: 0.3.0
Check: LazyData
Result: NOTE
'LazyData' is specified without a 'data' directory
Flavors: r-devel-linux-x86_64-debian-clang, r-devel-linux-x86_64-debian-gcc, r-devel-linux-x86_64-fedora-clang, r-devel-linux-x86_64-fedora-gcc, r-patched-linux-x86_64, r-release-linux-x86_64, r-release-macos-arm64, r-release-macos-x86_64, r-release-windows-x86_64, r-oldrel-macos-arm64, r-oldrel-macos-x86_64, r-oldrel-windows-ix86+x86_64