CRAN Package Check Results for Package pdist

Last updated on 2024-07-23 00:54:34 CEST.

Flavor Version Tinstall Tcheck Ttotal Status Flags
r-devel-linux-x86_64-debian-clang 1.2.1 2.68 22.98 25.66 OK
r-devel-linux-x86_64-debian-gcc 1.2.1 1.81 17.62 19.43 OK
r-devel-linux-x86_64-fedora-clang 1.2.1 34.24 NOTE
r-devel-linux-x86_64-fedora-gcc 1.2.1 31.13 NOTE
r-devel-windows-x86_64 1.2.1 6.00 41.00 47.00 OK
r-patched-linux-x86_64 1.2.1 2.55 22.40 24.95 OK
r-release-linux-x86_64 1.2.1 2.35 21.76 24.11 OK
r-release-macos-arm64 1.2.1 16.00 OK
r-release-macos-x86_64 1.2.1 22.00 OK
r-release-windows-x86_64 1.2.1 4.00 41.00 45.00 OK
r-oldrel-macos-arm64 1.2.1 17.00 OK
r-oldrel-macos-x86_64 1.2.1 24.00 OK
r-oldrel-windows-x86_64 1.2.1 5.00 40.00 45.00 OK

Check Details

Version: 1.2.1
Check: compiled code
Result: NOTE File ‘pdist/libs/pdist.so’: Found no calls to: ‘R_registerRoutines’, ‘R_useDynamicSymbols’ It is good practice to register native routines and to disable symbol search. See ‘Writing portable packages’ in the ‘Writing R Extensions’ manual. Flavors: r-devel-linux-x86_64-fedora-clang, r-devel-linux-x86_64-fedora-gcc