CRAN Package Check Results for Package pdSpecEst

Last updated on 2022-12-03 23:56:22 CET.

Flavor Version Tinstall Tcheck Ttotal Status Flags
r-devel-linux-x86_64-debian-clang 1.2.4 103.77 98.98 202.75 NOTE
r-devel-linux-x86_64-debian-gcc 1.2.4 84.56 72.15 156.71 NOTE
r-devel-linux-x86_64-fedora-clang 1.2.4 306.48 NOTE
r-devel-linux-x86_64-fedora-gcc 1.2.4 306.37 NOTE
r-devel-windows-x86_64 1.2.4 96.00 155.00 251.00 NOTE
r-patched-linux-x86_64 1.2.4 89.39 91.26 180.65 NOTE
r-release-linux-x86_64 1.2.4 85.24 89.69 174.93 NOTE
r-release-macos-arm64 1.2.4 73.00 NOTE
r-release-macos-x86_64 1.2.4 92.00 NOTE
r-release-windows-x86_64 1.2.4 129.00 151.00 280.00 NOTE
r-oldrel-macos-arm64 1.2.4 85.00 NOTE
r-oldrel-macos-x86_64 1.2.4 112.00 NOTE
r-oldrel-windows-ix86+x86_64 1.2.4 242.00 160.00 402.00 NOTE

Check Details

Version: 1.2.4
Check: LazyData
Result: NOTE
     'LazyData' is specified without a 'data' directory
Flavors: r-devel-linux-x86_64-debian-clang, r-devel-linux-x86_64-debian-gcc, r-devel-linux-x86_64-fedora-clang, r-devel-linux-x86_64-fedora-gcc, r-devel-windows-x86_64, r-patched-linux-x86_64, r-release-linux-x86_64, r-release-macos-arm64, r-release-macos-x86_64, r-release-windows-x86_64, r-oldrel-macos-arm64, r-oldrel-macos-x86_64, r-oldrel-windows-ix86+x86_64

Version: 1.2.4
Check: installed package size
Result: NOTE
     installed size is 7.3Mb
     sub-directories of 1Mb or more:
     libs 6.3Mb
Flavors: r-release-macos-arm64, r-release-macos-x86_64, r-oldrel-macos-arm64, r-oldrel-macos-x86_64