CRAN Package Check Results for Package pdR

Last updated on 2021-03-01 23:49:03 CET.

Flavor Version Tinstall Tcheck Ttotal Status Flags
r-devel-linux-x86_64-debian-clang 1.7 OK
r-devel-linux-x86_64-debian-gcc 1.7 8.70 58.88 67.58 OK
r-devel-linux-x86_64-fedora-clang 1.7 117.62 NOTE
r-devel-linux-x86_64-fedora-gcc 1.7 105.17 NOTE
r-devel-windows-ix86+x86_64 1.7 16.00 68.00 84.00 OK
r-patched-linux-x86_64 1.7 9.94 73.15 83.09 OK
r-patched-solaris-x86 1.7 147.20 NOTE
r-release-linux-x86_64 1.7 10.93 72.91 83.84 OK
r-release-macos-x86_64 1.7 NOTE
r-release-windows-ix86+x86_64 1.7 22.00 100.00 122.00 OK
r-oldrel-macos-x86_64 1.7 NOTE
r-oldrel-windows-ix86+x86_64 1.7 12.00 94.00 106.00 OK

Check Details

Version: 1.7
Check: dependencies in R code
Result: NOTE
    Namespaces in Imports field not imported from:
     ‘car’ ‘sandwich’
     All declared Imports should be used.
Flavors: r-devel-linux-x86_64-fedora-clang, r-devel-linux-x86_64-fedora-gcc, r-patched-solaris-x86, r-release-macos-x86_64, r-oldrel-macos-x86_64