CRAN Package Check Results for Package pct

Last updated on 2024-07-21 00:56:25 CEST.

Flavor Version Tinstall Tcheck Ttotal Status Flags
r-devel-linux-x86_64-debian-clang 0.9.9 3.82 52.07 55.89 OK
r-devel-linux-x86_64-debian-gcc 0.9.9 2.33 40.02 42.35 OK
r-devel-linux-x86_64-fedora-clang 0.9.9 75.60 NOTE
r-devel-linux-x86_64-fedora-gcc 0.9.9 84.72 NOTE
r-devel-windows-x86_64 0.9.9 5.00 70.00 75.00 OK
r-patched-linux-x86_64 0.9.9 4.28 49.00 53.28 OK
r-release-linux-x86_64 0.9.9 2.14 50.50 52.64 OK
r-release-macos-arm64 0.9.9 41.00 OK
r-release-macos-x86_64 0.9.9 93.00 OK
r-release-windows-x86_64 0.9.9 6.00 71.00 77.00 OK
r-oldrel-macos-arm64 0.9.9 42.00 OK
r-oldrel-macos-x86_64 0.9.9 65.00 OK
r-oldrel-windows-x86_64 0.9.9 6.00 76.00 82.00 OK

Check Details

Version: 0.9.9
Check: data for non-ASCII characters
Result: NOTE Note: found 11 marked UTF-8 strings Flavors: r-devel-linux-x86_64-fedora-clang, r-devel-linux-x86_64-fedora-gcc