CRAN Package Check Results for Package pbs

Last updated on 2022-05-26 23:53:02 CEST.

Flavor Version Tinstall Tcheck Ttotal Status Flags
r-devel-linux-x86_64-debian-clang 1.1 2.12 31.07 33.19 NOTE
r-devel-linux-x86_64-debian-gcc 1.1 1.56 26.96 28.52 NOTE
r-devel-linux-x86_64-fedora-clang 1.1 40.69 NOTE
r-devel-linux-x86_64-fedora-gcc 1.1 30.92 NOTE
r-devel-windows-x86_64 1.1 10.00 46.00 56.00 NOTE
r-patched-linux-x86_64 1.1 1.86 30.59 32.45 NOTE
r-release-linux-x86_64 1.1 1.71 30.40 32.11 NOTE
r-release-macos-arm64 1.1 14.00 NOTE
r-release-macos-x86_64 1.1 22.00 NOTE
r-release-windows-x86_64 1.1 4.00 45.00 49.00 NOTE
r-oldrel-macos-arm64 1.1 17.00 NOTE
r-oldrel-macos-x86_64 1.1 26.00 NOTE
r-oldrel-windows-ix86+x86_64 1.1 4.00 32.00 36.00 NOTE

Check Details

Version: 1.1
Check: DESCRIPTION meta-information
Result: NOTE
    Malformed Description field: should contain one or more complete sentences.
Flavors: r-devel-linux-x86_64-debian-clang, r-devel-linux-x86_64-debian-gcc, r-devel-linux-x86_64-fedora-clang, r-devel-linux-x86_64-fedora-gcc, r-devel-windows-x86_64, r-patched-linux-x86_64, r-release-linux-x86_64, r-release-macos-arm64, r-release-macos-x86_64, r-release-windows-x86_64, r-oldrel-macos-arm64, r-oldrel-macos-x86_64, r-oldrel-windows-ix86+x86_64