CRAN Package Check Results for Package pbixr

Last updated on 2022-08-13 23:51:52 CEST.

Flavor Version Tinstall Tcheck Ttotal Status Flags
r-devel-linux-x86_64-debian-clang 0.1.4 7.39 65.36 72.75 NOTE
r-devel-linux-x86_64-debian-gcc 0.1.4 4.90 48.88 53.78 NOTE
r-devel-linux-x86_64-fedora-clang 0.1.4 102.53 NOTE
r-devel-linux-x86_64-fedora-gcc 0.1.4 98.71 NOTE
r-devel-windows-x86_64 0.1.4 18.00 93.00 111.00 NOTE
r-patched-linux-x86_64 0.1.4 6.82 60.59 67.41 NOTE
r-release-linux-x86_64 0.1.4 6.67 60.79 67.46 NOTE
r-release-macos-arm64 0.1.4 29.00 NOTE
r-release-macos-x86_64 0.1.4 49.00 NOTE
r-release-windows-x86_64 0.1.4 19.00 90.00 109.00 NOTE
r-oldrel-macos-arm64 0.1.4 39.00 NOTE
r-oldrel-macos-x86_64 0.1.4 51.00 NOTE
r-oldrel-windows-ix86+x86_64 0.1.4 17.00 82.00 99.00 NOTE

Check Details

Version: 0.1.4
Check: LazyData
Result: NOTE
     'LazyData' is specified without a 'data' directory
Flavors: r-devel-linux-x86_64-debian-clang, r-devel-linux-x86_64-debian-gcc, r-devel-linux-x86_64-fedora-clang, r-devel-linux-x86_64-fedora-gcc, r-devel-windows-x86_64, r-patched-linux-x86_64, r-release-linux-x86_64, r-release-macos-arm64, r-release-macos-x86_64, r-release-windows-x86_64, r-oldrel-macos-arm64, r-oldrel-macos-x86_64, r-oldrel-windows-ix86+x86_64