CRAN Package Check Results for Package pbivnorm

Last updated on 2022-07-01 23:53:29 CEST.

Flavor Version Tinstall Tcheck Ttotal Status Flags
r-devel-linux-x86_64-debian-clang 0.6.0 2.87 20.10 22.97 OK
r-devel-linux-x86_64-debian-gcc 0.6.0 2.19 15.74 17.93 OK
r-devel-linux-x86_64-fedora-clang 0.6.0 38.78 NOTE
r-devel-linux-x86_64-fedora-gcc 0.6.0 37.79 NOTE
r-devel-windows-x86_64 0.6.0 13.00 41.00 54.00 OK
r-patched-linux-x86_64 0.6.0 2.66 19.95 22.61 OK
r-release-linux-x86_64 0.6.0 2.50 19.35 21.85 OK
r-release-macos-arm64 0.6.0 16.00 OK
r-release-macos-x86_64 0.6.0 22.00 OK
r-release-windows-x86_64 0.6.0 6.00 42.00 48.00 OK
r-oldrel-macos-arm64 0.6.0 22.00 OK
r-oldrel-macos-x86_64 0.6.0 26.00 OK
r-oldrel-windows-ix86+x86_64 0.6.0 7.00 30.00 37.00 OK

Check Details

Version: 0.6.0
Check: compiled code
Result: NOTE
    File ‘pbivnorm/libs/pbivnorm.so’:
     Found no calls to: ‘R_registerRoutines’, ‘R_useDynamicSymbols’
    
    It is good practice to register native routines and to disable symbol
    search.
    
    See ‘Writing portable packages’ in the ‘Writing R Extensions’ manual.
Flavors: r-devel-linux-x86_64-fedora-clang, r-devel-linux-x86_64-fedora-gcc