Last updated on 2023-01-28 23:51:46 CET.
Flavor | Version | Tinstall | Tcheck | Ttotal | Status | Flags |
---|---|---|---|---|---|---|
r-devel-linux-x86_64-debian-clang | 2.8.0 | 14.85 | 212.29 | 227.14 | OK | |
r-devel-linux-x86_64-debian-gcc | 2.8.0 | 12.85 | 144.38 | 157.23 | OK | |
r-devel-linux-x86_64-fedora-clang | 2.8.0 | 270.88 | NOTE | |||
r-devel-linux-x86_64-fedora-gcc | 2.8.0 | 274.75 | OK | |||
r-patched-linux-x86_64 | 2.8.0 | 20.55 | 208.40 | 228.95 | OK | |
r-release-linux-x86_64 | 2.8.0 | 19.80 | 210.42 | 230.22 | OK | |
r-release-macos-arm64 | 2.8.0 | 120.00 | OK | |||
r-release-macos-x86_64 | 2.8.0 | 161.00 | OK | |||
r-release-windows-x86_64 | 2.8.0 | 55.00 | 215.00 | 270.00 | OK | |
r-oldrel-macos-arm64 | 2.8.0 | 107.00 | OK | |||
r-oldrel-macos-x86_64 | 2.8.0 | 154.00 | OK | |||
r-oldrel-windows-ix86+x86_64 | 2.8.0 | 27.00 | 226.00 | 253.00 | OK |
Version: 2.8.0
Check: Rd cross-references
Result: NOTE
Undeclared package ‘future’ in Rd xrefs
Flavor: r-devel-linux-x86_64-fedora-clang