CRAN Package Check Results for Package patternplot

Last updated on 2021-03-02 23:48:39 CET.

Flavor Version Tinstall Tcheck Ttotal Status Flags
r-devel-linux-x86_64-debian-clang 1.0.0 NOTE
r-devel-linux-x86_64-debian-gcc 1.0.0 41.96 157.68 199.64 NOTE
r-devel-linux-x86_64-fedora-clang 1.0.0 374.74 NOTE
r-devel-linux-x86_64-fedora-gcc 1.0.0 346.24 NOTE
r-devel-windows-ix86+x86_64 1.0.0 149.00 283.00 432.00 NOTE
r-patched-linux-x86_64 1.0.0 48.74 219.26 268.00 NOTE
r-patched-solaris-x86 1.0.0 506.80 NOTE
r-release-linux-x86_64 1.0.0 49.80 216.82 266.62 NOTE
r-release-macos-x86_64 1.0.0 NOTE
r-release-windows-ix86+x86_64 1.0.0 104.00 249.00 353.00 NOTE
r-oldrel-macos-x86_64 1.0.0 NOTE
r-oldrel-windows-ix86+x86_64 1.0.0 132.00 331.00 463.00 NOTE

Check Details

Version: 1.0.0
Check: for GNU extensions in Makefiles
Result: NOTE
    GNU make is a SystemRequirements.
Flavors: r-devel-linux-x86_64-debian-clang, r-devel-linux-x86_64-debian-gcc, r-devel-linux-x86_64-fedora-clang, r-devel-linux-x86_64-fedora-gcc, r-devel-windows-ix86+x86_64, r-patched-linux-x86_64, r-patched-solaris-x86, r-release-linux-x86_64, r-release-macos-x86_64, r-release-windows-ix86+x86_64, r-oldrel-macos-x86_64, r-oldrel-windows-ix86+x86_64