CRAN Package Check Results for Package parsemsf

Last updated on 2019-07-15 00:50:43 CEST.

Flavor Version Tinstall Tcheck Ttotal Status Flags
r-devel-linux-x86_64-debian-clang 0.1.1 3.43 43.28 46.71 OK
r-devel-linux-x86_64-debian-gcc 0.1.1 2.64 34.86 37.50 OK
r-devel-linux-x86_64-fedora-clang 0.1.1 56.27 NOTE
r-devel-linux-x86_64-fedora-gcc 0.1.1 53.65 NOTE
r-devel-windows-ix86+x86_64 0.1.1 9.00 58.00 67.00 OK
r-patched-linux-x86_64 0.1.1 3.48 42.90 46.38 OK
r-patched-solaris-x86 0.1.1 97.50 NOTE
r-release-linux-x86_64 0.1.1 3.64 42.21 45.85 OK
r-release-windows-ix86+x86_64 0.1.1 8.00 186.00 194.00 OK
r-release-osx-x86_64 0.1.1 NOTE
r-oldrel-windows-ix86+x86_64 0.1.1 8.00 87.00 95.00 OK
r-oldrel-osx-x86_64 0.1.1 NOTE

Check Details

Version: 0.1.1
Check: dependencies in R code
Result: NOTE
    Namespace in Imports field not imported from: ‘dbplyr’
     All declared Imports should be used.
Flavors: r-devel-linux-x86_64-fedora-clang, r-devel-linux-x86_64-fedora-gcc, r-patched-solaris-x86, r-release-osx-x86_64, r-oldrel-osx-x86_64