CRAN Package Check Results for Package parmigene

Last updated on 2019-11-17 23:48:26 CET.

Flavor Version Tinstall Tcheck Ttotal Status Flags
r-devel-linux-x86_64-debian-clang 1.0.2 3.78 18.48 22.26 NOTE
r-devel-linux-x86_64-debian-gcc 1.0.2 2.45 14.26 16.71 NOTE
r-devel-linux-x86_64-fedora-clang 1.0.2 26.97 NOTE
r-devel-linux-x86_64-fedora-gcc 1.0.2 26.21 NOTE
r-devel-windows-ix86+x86_64 1.0.2 12.00 35.00 47.00 NOTE
r-patched-linux-x86_64 1.0.2 2.75 17.42 20.17 NOTE
r-patched-solaris-x86 1.0.2 38.30 NOTE
r-release-linux-x86_64 1.0.2 2.53 17.28 19.81 NOTE
r-release-windows-ix86+x86_64 1.0.2 16.00 51.00 67.00 NOTE
r-release-osx-x86_64 1.0.2 NOTE
r-oldrel-windows-ix86+x86_64 1.0.2 9.00 32.00 41.00 NOTE
r-oldrel-osx-x86_64 1.0.2 NOTE

Check Details

Version: 1.0.2
Check: DESCRIPTION meta-information
Result: NOTE
    Malformed Title field: should not end in a period.
Flavors: r-devel-linux-x86_64-debian-clang, r-devel-linux-x86_64-debian-gcc, r-devel-linux-x86_64-fedora-clang, r-devel-linux-x86_64-fedora-gcc, r-devel-windows-ix86+x86_64, r-patched-linux-x86_64, r-patched-solaris-x86, r-release-linux-x86_64, r-release-windows-ix86+x86_64, r-release-osx-x86_64, r-oldrel-windows-ix86+x86_64, r-oldrel-osx-x86_64

Version: 1.0.2
Check: foreign function calls
Result: NOTE
    Calls with DUP:
     .C("aracne", as.double(t(mis)), as.integer(n), as.double(eps),
     as.double(eta), res = double(n * n), PACKAGE = "parmigene",
     DUP = FALSE)
     .C("clr", as.double(t(mis)), as.integer(n), res = double(n *
     n), PACKAGE = "parmigene", DUP = FALSE)
     .C("mrnet", as.double(t(mis)), as.integer(n), res = double(n *
     n), PACKAGE = "parmigene", DUP = FALSE)
    DUP is no longer supported and will be ignored.
Flavors: r-devel-linux-x86_64-debian-clang, r-devel-linux-x86_64-debian-gcc, r-devel-linux-x86_64-fedora-clang, r-devel-linux-x86_64-fedora-gcc, r-devel-windows-ix86+x86_64, r-patched-linux-x86_64, r-patched-solaris-x86, r-release-linux-x86_64, r-release-windows-ix86+x86_64, r-release-osx-x86_64, r-oldrel-windows-ix86+x86_64, r-oldrel-osx-x86_64

Version: 1.0.2
Check: compiled code
Result: NOTE
    File 'parmigene/libs/parmigene.so':
     Found 'rand_r', possibly from 'rand_r' (C)
     Object: 'points.o'
    
    Compiled code should not call entry points which might terminate R nor
    write to stdout/stderr instead of to the console, nor use Fortran I/O
    nor system RNGs.
    
    See 'Writing portable packages' in the 'Writing R Extensions' manual.
Flavors: r-devel-linux-x86_64-debian-clang, r-devel-linux-x86_64-debian-gcc, r-patched-linux-x86_64, r-patched-solaris-x86, r-release-linux-x86_64

Version: 1.0.2
Check: compiled code
Result: NOTE
    File ‘parmigene/libs/parmigene.so’:
     Found ‘rand_r’, possibly from ‘rand_r’ (C)
     Object: ‘points.o’
    File ‘parmigene/libs/parmigene.so’:
     Found no calls to: ‘R_registerRoutines’, ‘R_useDynamicSymbols’
    
    Compiled code should not call entry points which might terminate R nor
    write to stdout/stderr instead of to the console, nor use Fortran I/O
    nor system RNGs.
    It is good practice to register native routines and to disable symbol
    search.
    
    See ‘Writing portable packages’ in the ‘Writing R Extensions’ manual.
Flavors: r-devel-linux-x86_64-fedora-clang, r-devel-linux-x86_64-fedora-gcc

Version: 1.0.2
Check: compiled code
Result: NOTE
    File ‘parmigene/libs/parmigene.so’:
     Found ‘_rand_r’, possibly from ‘rand_r’ (C)
     Object: ‘points.o’
    
    Compiled code should not call entry points which might terminate R nor
    write to stdout/stderr instead of to the console, nor use Fortran I/O
    nor system RNGs.
    
    See ‘Writing portable packages’ in the ‘Writing R Extensions’ manual.
Flavors: r-release-osx-x86_64, r-oldrel-osx-x86_64