CRAN Package Check Results for Package paramhetero

Last updated on 2020-05-24 23:47:51 CEST.

Flavor Version Tinstall Tcheck Ttotal Status Flags
r-devel-linux-x86_64-debian-clang 0.2.0 9.53 70.03 79.56 OK
r-devel-linux-x86_64-debian-gcc 0.2.0 7.30 53.78 61.08 OK
r-devel-linux-x86_64-fedora-clang 0.2.0 92.94 NOTE
r-devel-linux-x86_64-fedora-gcc 0.2.0 93.15 NOTE
r-devel-windows-ix86+x86_64 0.2.0 35.00 86.00 121.00 OK
r-patched-linux-x86_64 0.2.0 9.68 68.43 78.11 OK
r-patched-solaris-x86 0.2.0 142.00 NOTE
r-release-linux-x86_64 0.2.0 8.32 69.38 77.70 OK
r-release-osx-x86_64 0.2.0 NOTE
r-release-windows-ix86+x86_64 0.2.0 28.00 107.00 135.00 OK
r-oldrel-osx-x86_64 0.2.0 NOTE
r-oldrel-windows-ix86+x86_64 0.2.0 16.00 106.00 122.00 OK

Check Details

Version: 0.2.0
Check: dependencies in R code
Result: NOTE
    Namespace in Imports field not imported from: ‘survey’
     All declared Imports should be used.
Flavors: r-devel-linux-x86_64-fedora-clang, r-devel-linux-x86_64-fedora-gcc, r-patched-solaris-x86, r-release-osx-x86_64, r-oldrel-osx-x86_64