CRAN Package Check Results for Package parSim

Last updated on 2021-12-04 23:50:40 CET.

Flavor Version Tinstall Tcheck Ttotal Status Flags
r-devel-linux-x86_64-debian-clang 0.1.4 3.91 52.90 56.81 OK
r-devel-linux-x86_64-debian-gcc 0.1.4 2.96 40.16 43.12 OK
r-devel-linux-x86_64-fedora-clang 0.1.4 69.47 NOTE
r-devel-linux-x86_64-fedora-gcc 0.1.4 58.30 NOTE
r-devel-windows-x86_64-new-UL 0.1.4 9.00 79.00 88.00 OK
r-devel-windows-x86_64-new-TK 0.1.4 NOTE
r-devel-windows-x86_64-old 0.1.4 7.00 45.00 52.00 OK
r-patched-linux-x86_64 0.1.4 3.41 41.22 44.63 OK
r-release-linux-x86_64 0.1.4 3.77 41.24 45.01 OK
r-release-macos-arm64 0.1.4 NOTE
r-release-macos-x86_64 0.1.4 NOTE
r-release-windows-ix86+x86_64 0.1.4 11.00 64.00 75.00 OK
r-oldrel-macos-x86_64 0.1.4 NOTE
r-oldrel-windows-ix86+x86_64 0.1.4 11.00 62.00 73.00 OK

Check Details

Version: 0.1.4
Check: dependencies in R code
Result: NOTE
    Namespace in Imports field not imported from: ‘parallel’
     All declared Imports should be used.
Flavors: r-devel-linux-x86_64-fedora-clang, r-devel-linux-x86_64-fedora-gcc, r-devel-windows-x86_64-new-TK, r-release-macos-arm64, r-release-macos-x86_64, r-oldrel-macos-x86_64