CRAN Package Check Results for Package panelr

Last updated on 2019-09-15 23:46:27 CEST.

Flavor Version Tinstall Tcheck Ttotal Status Flags
r-devel-linux-x86_64-debian-clang 0.7.1 14.85 199.74 214.59 OK
r-devel-linux-x86_64-debian-gcc 0.7.1 12.38 152.30 164.68 OK
r-devel-linux-x86_64-fedora-clang 0.7.1 269.99 OK
r-devel-linux-x86_64-fedora-gcc 0.7.1 259.50 OK
r-devel-windows-ix86+x86_64 0.7.1 46.00 267.00 313.00 OK
r-patched-linux-x86_64 0.7.1 14.52 194.60 209.12 OK
r-patched-solaris-x86 0.7.1 361.10 OK
r-release-linux-x86_64 0.7.1 14.20 196.11 210.31 OK
r-release-windows-ix86+x86_64 0.7.1 22.00 213.00 235.00 OK
r-release-osx-x86_64 0.7.1 OK
r-oldrel-windows-ix86+x86_64 0.7.1 23.00 291.00 314.00 WARN
r-oldrel-osx-x86_64 0.7.1 WARN

Check Details

Version: 0.7.1
Check: for missing documentation entries
Result: WARN
    Undocumented code objects:
     'knit_print.summary.panel_data'
    All user-level objects in a package should have documentation entries.
    See chapter 'Writing R documentation files' in the 'Writing R
    Extensions' manual.
Flavors: r-oldrel-windows-ix86+x86_64, r-oldrel-osx-x86_64