CRAN Package Check Results for Package panelWranglR

Last updated on 2024-06-25 00:58:10 CEST.

Flavor Version Tinstall Tcheck Ttotal Status Flags
r-devel-linux-x86_64-debian-clang 1.2.13 15.43 158.99 174.42 NOTE
r-devel-linux-x86_64-debian-gcc 1.2.13 11.85 125.59 137.44 NOTE
r-devel-linux-x86_64-fedora-clang 1.2.13 224.08 NOTE
r-devel-linux-x86_64-fedora-gcc 1.2.13 208.08 NOTE
r-devel-windows-x86_64 1.2.13 14.00 139.00 153.00 NOTE
r-patched-linux-x86_64 1.2.13 10.58 158.59 169.17 NOTE
r-release-linux-x86_64 1.2.13 10.53 153.24 163.77 NOTE
r-release-macos-arm64 1.2.13 64.00 NOTE
r-release-macos-x86_64 1.2.13 89.00 NOTE
r-release-windows-x86_64 1.2.13 15.00 142.00 157.00 NOTE
r-oldrel-macos-arm64 1.2.13 73.00 NOTE
r-oldrel-macos-x86_64 1.2.13 116.00 NOTE
r-oldrel-windows-x86_64 1.2.13 19.00 172.00 191.00 NOTE

Check Details

Version: 1.2.13
Check: LazyData
Result: NOTE 'LazyData' is specified without a 'data' directory Flavors: r-devel-linux-x86_64-debian-clang, r-devel-linux-x86_64-debian-gcc, r-devel-linux-x86_64-fedora-clang, r-devel-linux-x86_64-fedora-gcc, r-devel-windows-x86_64, r-patched-linux-x86_64, r-release-linux-x86_64, r-release-macos-arm64, r-release-macos-x86_64, r-release-windows-x86_64, r-oldrel-macos-arm64, r-oldrel-macos-x86_64, r-oldrel-windows-x86_64