CRAN Package Check Results for Package pamctdp

Last updated on 2019-11-10 23:48:34 CET.

Flavor Version Tinstall Tcheck Ttotal Status Flags
r-devel-linux-x86_64-debian-clang 0.3.2 6.35 47.75 54.10 OK
r-devel-linux-x86_64-debian-gcc 0.3.2 5.12 36.49 41.61 OK
r-devel-linux-x86_64-fedora-clang 0.3.2 63.83 NOTE
r-devel-linux-x86_64-fedora-gcc 0.3.2 62.41 NOTE
r-devel-windows-ix86+x86_64 0.3.2 14.00 61.00 75.00 OK
r-patched-linux-x86_64 0.3.2 5.92 44.94 50.86 OK
r-patched-solaris-x86 0.3.2 87.20 NOTE
r-release-linux-x86_64 0.3.2 5.65 45.28 50.93 OK
r-release-windows-ix86+x86_64 0.3.2 21.00 65.00 86.00 OK
r-release-osx-x86_64 0.3.2 NOTE
r-oldrel-windows-ix86+x86_64 0.3.2 12.00 79.00 91.00 OK
r-oldrel-osx-x86_64 0.3.2 NOTE

Check Details

Version: 0.3.2
Check: data for non-ASCII characters
Result: NOTE
     Note: found 34 marked UTF-8 strings
Flavors: r-devel-linux-x86_64-fedora-clang, r-devel-linux-x86_64-fedora-gcc, r-patched-solaris-x86, r-release-osx-x86_64, r-oldrel-osx-x86_64