Last updated on 2023-05-30 00:59:52 CEST.
Flavor | Version | Tinstall | Tcheck | Ttotal | Status | Flags |
---|---|---|---|---|---|---|
r-devel-linux-x86_64-debian-clang | 0.3.2 | 8.01 | 66.97 | 74.98 | OK | |
r-devel-linux-x86_64-debian-gcc | 0.3.2 | 7.05 | 49.89 | 56.94 | OK | |
r-devel-linux-x86_64-fedora-clang | 0.3.2 | 92.81 | NOTE | |||
r-devel-linux-x86_64-fedora-gcc | 0.3.2 | 86.77 | NOTE | |||
r-devel-windows-x86_64 | 0.3.2 | 9.00 | 69.00 | 78.00 | OK | |
r-patched-linux-x86_64 | 0.3.2 | 6.27 | 62.29 | 68.56 | OK | |
r-release-linux-x86_64 | 0.3.2 | 7.05 | 61.96 | 69.01 | OK | |
r-release-macos-arm64 | 0.3.2 | 28.00 | OK | |||
r-release-macos-x86_64 | 0.3.2 | 46.00 | OK | |||
r-release-windows-x86_64 | 0.3.2 | 11.00 | 79.00 | 90.00 | OK | |
r-oldrel-macos-arm64 | 0.3.2 | 24.00 | NOTE | |||
r-oldrel-macos-x86_64 | 0.3.2 | 50.00 | NOTE | |||
r-oldrel-windows-x86_64 | 0.3.2 | 11.00 | 85.00 | 96.00 | OK |
Version: 0.3.2
Check: data for non-ASCII characters
Result: NOTE
Note: found 34 marked UTF-8 strings
Flavors: r-devel-linux-x86_64-fedora-clang, r-devel-linux-x86_64-fedora-gcc, r-oldrel-macos-arm64, r-oldrel-macos-x86_64