CRAN Package Check Results for Package pamctdp

Last updated on 2019-07-22 06:47:44 CEST.

Flavor Version Tinstall Tcheck Ttotal Status Flags
r-devel-linux-x86_64-debian-clang 0.3.2 5.82 47.23 53.05 OK
r-devel-linux-x86_64-debian-gcc 0.3.2 4.41 37.18 41.59 OK
r-devel-linux-x86_64-fedora-clang 0.3.2 61.90 NOTE
r-devel-linux-x86_64-fedora-gcc 0.3.2 59.99 NOTE
r-devel-windows-ix86+x86_64 0.3.2 14.00 95.00 109.00 OK
r-patched-linux-x86_64 0.3.2 5.14 46.47 51.61 OK
r-patched-solaris-x86 0.3.2 91.90 NOTE
r-release-linux-x86_64 0.3.2 5.46 46.14 51.60 OK
r-release-windows-ix86+x86_64 0.3.2 13.00 57.00 70.00 OK
r-release-osx-x86_64 0.3.2 NOTE
r-oldrel-windows-ix86+x86_64 0.3.2 16.00 62.00 78.00 OK
r-oldrel-osx-x86_64 0.3.2 NOTE

Check Details

Version: 0.3.2
Check: data for non-ASCII characters
Result: NOTE
     Note: found 34 marked UTF-8 strings
Flavors: r-devel-linux-x86_64-fedora-clang, r-devel-linux-x86_64-fedora-gcc, r-patched-solaris-x86, r-release-osx-x86_64, r-oldrel-osx-x86_64