Last updated on 2021-01-27 23:49:26 CET.
Flavor | Version | Tinstall | Tcheck | Ttotal | Status | Flags |
---|---|---|---|---|---|---|
r-devel-linux-x86_64-debian-clang | 1.9.0 | 5.32 | 171.69 | 177.01 | OK | |
r-devel-linux-x86_64-debian-gcc | 1.9.0 | OK | ||||
r-devel-linux-x86_64-fedora-clang | 1.9.0 | 214.63 | OK | |||
r-devel-linux-x86_64-fedora-gcc | 1.9.0 | 238.45 | OK | |||
r-devel-windows-ix86+x86_64 | 1.9.0 | 11.00 | 259.00 | 270.00 | OK | |
r-patched-linux-x86_64 | 1.9.0 | 4.39 | 166.29 | 170.68 | OK | |
r-patched-solaris-x86 | 1.9.0 | 288.40 | OK | |||
r-release-linux-x86_64 | 1.9.0 | 4.77 | 166.95 | 171.72 | OK | |
r-release-macos-x86_64 | 1.9.0 | OK | ||||
r-release-windows-ix86+x86_64 | 1.9.0 | 12.00 | 266.00 | 278.00 | OK | |
r-oldrel-macos-x86_64 | 1.9.0 | ERROR | ||||
r-oldrel-windows-ix86+x86_64 | 1.9.0 | 7.00 | 207.00 | 214.00 | OK |
Version: 1.9.0
Check: package dependencies
Result: ERROR
Package required and available but unsuitable version: ‘fritools’
See section ‘The DESCRIPTION file’ in the ‘Writing R Extensions’
manual.
Flavor: r-oldrel-macos-x86_64