CRAN Package Check Results for Package packagedocs

Last updated on 2020-05-24 23:47:50 CEST.

Flavor Version Tinstall Tcheck Ttotal Status Flags
r-devel-linux-x86_64-debian-clang 0.4.0 8.53 76.43 84.96 NOTE
r-devel-linux-x86_64-debian-gcc 0.4.0 7.62 58.05 65.67 NOTE
r-devel-linux-x86_64-fedora-clang 0.4.0 101.07 WARN
r-devel-linux-x86_64-fedora-gcc 0.4.0 104.53 NOTE
r-devel-windows-ix86+x86_64 0.4.0 36.00 128.00 164.00 NOTE
r-patched-linux-x86_64 0.4.0 10.13 76.86 86.99 NOTE
r-patched-solaris-x86 0.4.0 147.90 NOTE
r-release-linux-x86_64 0.4.0 8.56 76.99 85.55 NOTE
r-release-osx-x86_64 0.4.0 NOTE
r-release-windows-ix86+x86_64 0.4.0 35.00 119.00 154.00 NOTE
r-oldrel-osx-x86_64 0.4.0 OK
r-oldrel-windows-ix86+x86_64 0.4.0 20.00 115.00 135.00 NOTE

Check Details

Version: 0.4.0
Check: dependencies in R code
Result: NOTE
    Missing or unexported objects:
     'devtools::use_build_ignore' 'devtools::use_travis'
Flavors: r-devel-linux-x86_64-debian-clang, r-devel-linux-x86_64-debian-gcc, r-devel-linux-x86_64-fedora-clang, r-devel-linux-x86_64-fedora-gcc, r-devel-windows-ix86+x86_64, r-patched-linux-x86_64, r-patched-solaris-x86, r-release-linux-x86_64, r-release-osx-x86_64, r-release-windows-ix86+x86_64, r-oldrel-windows-ix86+x86_64

Version: 0.4.0
Check: package dependencies
Result: WARN
    Requires orphaned package: ‘lazyrmd’
Flavor: r-devel-linux-x86_64-fedora-clang