CRAN Package Check Results for Package packagedocs

Last updated on 2019-07-22 06:47:44 CEST.

Flavor Version Tinstall Tcheck Ttotal Status Flags
r-devel-linux-x86_64-debian-clang 0.4.0 8.37 65.94 74.31 NOTE
r-devel-linux-x86_64-debian-gcc 0.4.0 7.24 51.67 58.91 NOTE
r-devel-linux-x86_64-fedora-clang 0.4.0 88.15 NOTE
r-devel-linux-x86_64-fedora-gcc 0.4.0 87.66 NOTE
r-devel-windows-ix86+x86_64 0.4.0 17.00 117.00 134.00 NOTE
r-patched-linux-x86_64 0.4.0 7.11 67.29 74.40 NOTE
r-patched-solaris-x86 0.4.0 142.90 NOTE
r-release-linux-x86_64 0.4.0 7.55 67.40 74.95 NOTE
r-release-windows-ix86+x86_64 0.4.0 14.00 76.00 90.00 NOTE
r-release-osx-x86_64 0.4.0 OK
r-oldrel-windows-ix86+x86_64 0.4.0 17.00 107.00 124.00 NOTE
r-oldrel-osx-x86_64 0.4.0 OK

Check Details

Version: 0.4.0
Check: dependencies in R code
Result: NOTE
    Missing or unexported objects:
     'devtools::use_build_ignore' 'devtools::use_travis'
Flavors: r-devel-linux-x86_64-debian-clang, r-devel-linux-x86_64-debian-gcc, r-devel-linux-x86_64-fedora-clang, r-devel-linux-x86_64-fedora-gcc, r-devel-windows-ix86+x86_64, r-patched-linux-x86_64, r-patched-solaris-x86, r-release-linux-x86_64, r-release-windows-ix86+x86_64, r-oldrel-windows-ix86+x86_64