CRAN Package Check Results for Package pCODE

Last updated on 2022-06-28 23:54:11 CEST.

Flavor Version Tinstall Tcheck Ttotal Status Flags
r-devel-linux-x86_64-debian-clang 0.9.3 10.58 193.23 203.81 OK
r-devel-linux-x86_64-debian-gcc 0.9.3 7.84 133.63 141.47 OK
r-devel-linux-x86_64-fedora-clang 0.9.3 237.45 NOTE
r-devel-linux-x86_64-fedora-gcc 0.9.3 252.54 NOTE
r-devel-windows-x86_64 0.9.3 23.00 228.00 251.00 OK
r-patched-linux-x86_64 0.9.3 10.74 174.21 184.95 OK
r-release-linux-x86_64 0.9.3 7.33 175.08 182.41 OK
r-release-macos-arm64 0.9.3 54.00 NOTE
r-release-macos-x86_64 0.9.3 98.00 NOTE
r-release-windows-x86_64 0.9.3 26.00 216.00 242.00 OK
r-oldrel-macos-arm64 0.9.3 70.00 NOTE
r-oldrel-macos-x86_64 0.9.3 113.00 NOTE
r-oldrel-windows-ix86+x86_64 0.9.3 23.00 213.00 236.00 OK

Check Details

Version: 0.9.3
Check: dependencies in R code
Result: NOTE
    Namespace in Imports field not imported from: ‘base’
     All declared Imports should be used.
Flavors: r-devel-linux-x86_64-fedora-clang, r-devel-linux-x86_64-fedora-gcc, r-release-macos-arm64, r-release-macos-x86_64, r-oldrel-macos-arm64, r-oldrel-macos-x86_64