CRAN Package Check Results for Package owdbr

Last updated on 2024-06-17 00:50:06 CEST.

Flavor Version Tinstall Tcheck Ttotal Status Flags
r-devel-linux-x86_64-debian-clang 1.0.1.1 4.11 36.58 40.69 NOTE
r-devel-linux-x86_64-debian-gcc 1.0.1.1 3.28 27.49 30.77 NOTE
r-devel-linux-x86_64-fedora-clang 1.0.1.1 52.11 NOTE
r-devel-linux-x86_64-fedora-gcc 1.0.1.1 47.39 NOTE
r-devel-windows-x86_64 1.0.1.1 4.00 47.00 51.00 NOTE
r-patched-linux-x86_64 1.0.1.1 3.37 35.09 38.46 NOTE
r-release-linux-x86_64 1.0.1.1 4.47 35.14 39.61 NOTE
r-release-macos-arm64 1.0.1.1 20.00 NOTE
r-release-macos-x86_64 1.0.1.1 27.00 NOTE
r-release-windows-x86_64 1.0.1.1 5.00 49.00 54.00 NOTE
r-oldrel-macos-arm64 1.0.1.1 21.00 NOTE
r-oldrel-macos-x86_64 1.0.1.1 30.00 NOTE
r-oldrel-windows-x86_64 1.0.1.1 5.00 52.00 57.00 NOTE

Check Details

Version: 1.0.1.1
Check: LazyData
Result: NOTE 'LazyData' is specified without a 'data' directory Flavors: r-devel-linux-x86_64-debian-clang, r-devel-linux-x86_64-debian-gcc, r-devel-linux-x86_64-fedora-clang, r-devel-linux-x86_64-fedora-gcc, r-devel-windows-x86_64, r-patched-linux-x86_64, r-release-linux-x86_64, r-release-macos-arm64, r-release-macos-x86_64, r-release-windows-x86_64, r-oldrel-macos-arm64, r-oldrel-macos-x86_64, r-oldrel-windows-x86_64