CRAN Package Check Results for Package owdbr

Last updated on 2019-10-20 23:47:31 CEST.

Flavor Version Tinstall Tcheck Ttotal Status Flags
r-devel-linux-x86_64-debian-clang 1.0.1.0 2.41 22.23 24.64 OK
r-devel-linux-x86_64-debian-gcc 1.0.1.0 1.71 17.45 19.16 OK
r-devel-linux-x86_64-fedora-clang 1.0.1.0 29.78 OK
r-devel-linux-x86_64-fedora-gcc 1.0.1.0 29.20 OK
r-devel-windows-ix86+x86_64 1.0.1.0 6.00 48.00 54.00 OK
r-patched-linux-x86_64 1.0.1.0 2.29 21.18 23.47 NOTE
r-patched-solaris-x86 1.0.1.0 44.40 OK
r-release-linux-x86_64 1.0.1.0 2.24 21.45 23.69 NOTE
r-release-windows-ix86+x86_64 1.0.1.0 8.00 35.00 43.00 OK
r-release-osx-x86_64 1.0.1.0 OK
r-oldrel-windows-ix86+x86_64 1.0.1.0 3.00 31.00 34.00 OK
r-oldrel-osx-x86_64 1.0.1.0 OK

Check Details

Version: 1.0.1.0
Check: DESCRIPTION meta-information
Result: NOTE
    Dependence on R version ‘3.4.4’ not with patchlevel 0
Flavors: r-patched-linux-x86_64, r-release-linux-x86_64