CRAN Package Check Results for Package owdbr

Last updated on 2019-07-15 00:50:43 CEST.

Flavor Version Tinstall Tcheck Ttotal Status Flags
r-devel-linux-x86_64-debian-clang 1.0.1.0 2.15 22.45 24.60 OK
r-devel-linux-x86_64-debian-gcc 1.0.1.0 1.93 18.14 20.07 OK
r-devel-linux-x86_64-fedora-clang 1.0.1.0 29.64 OK
r-devel-linux-x86_64-fedora-gcc 1.0.1.0 27.91 OK
r-devel-windows-ix86+x86_64 1.0.1.0 5.00 36.00 41.00 OK
r-patched-linux-x86_64 1.0.1.0 2.20 22.07 24.27 NOTE
r-patched-solaris-x86 1.0.1.0 46.70 OK
r-release-linux-x86_64 1.0.1.0 2.23 21.73 23.96 NOTE
r-release-windows-ix86+x86_64 1.0.1.0 5.00 36.00 41.00 OK
r-release-osx-x86_64 1.0.1.0 OK
r-oldrel-windows-ix86+x86_64 1.0.1.0 5.00 50.00 55.00 OK
r-oldrel-osx-x86_64 1.0.1.0 OK

Check Details

Version: 1.0.1.0
Check: DESCRIPTION meta-information
Result: NOTE
    Dependence on R version ‘3.4.4’ not with patchlevel 0
Flavors: r-patched-linux-x86_64, r-release-linux-x86_64