CRAN Package Check Results for Package overlapping

Last updated on 2019-10-20 23:47:31 CEST.

Flavor Version Tinstall Tcheck Ttotal Status Flags
r-devel-linux-x86_64-debian-clang 1.5.4 3.42 40.08 43.50 OK
r-devel-linux-x86_64-debian-gcc 1.5.4 2.83 30.64 33.47 OK
r-devel-linux-x86_64-fedora-clang 1.5.4 51.41 OK
r-devel-linux-x86_64-fedora-gcc 1.5.4 50.23 OK
r-devel-windows-ix86+x86_64 1.5.4 11.00 77.00 88.00 OK
r-patched-linux-x86_64 1.5.4 3.00 38.73 41.73 OK
r-patched-solaris-x86 1.5.4 76.00 OK
r-release-linux-x86_64 1.5.4 2.84 38.54 41.38 OK
r-release-windows-ix86+x86_64 1.5.4 15.00 52.00 67.00 OK
r-release-osx-x86_64 1.5.4 OK
r-oldrel-windows-ix86+x86_64 1.5.4 4.00 51.00 55.00 WARN
r-oldrel-osx-x86_64 1.5.4 OK

Check Details

Version: 1.5.4
Check: whether package can be installed
Result: WARN
    Found the following significant warnings:
     Warning: S3 methods '[.fun_list', '[.grouped_df', 'all.equal.tbl_df', 'anti_join.data.frame', 'anti_join.tbl_df', 'arrange.data.frame', 'arrange.default', 'arrange.grouped_df', 'arrange.tbl_df', 'arrange_.data.frame', 'arrange_.tbl_df', 'as.data.frame.grouped_df', 'as.data.frame.rowwise_df', 'as.data.frame.tbl_cube', 'as.table.tbl_cube', 'as.tbl.data.frame', 'as.tbl.tbl', 'as.tbl_cube.array', 'as.tbl_cube.data.frame', 'as.tbl_cube.matrix', 'as.tbl_cube.table', 'as_tibble.grouped_df', 'as_tibble.tbl_cube', 'auto_copy.tbl_cube', 'auto_copy.tbl_df', 'cbind.grouped_df', 'collapse.data.frame', 'collect.data.frame', 'common_by.NULL', 'common_by.character', 'common_by.default', 'common_by.list', 'compute.data.frame', 'copy_to.DBIConnection', 'copy_to.src_local', 'default_missing.data.frame', 'default_missing.default', 'dim.tbl_cube', 'distinct.data.frame', 'distinct.default', 'distinct.grouped_df', 'distinct.tbl_df', 'distinct_.data.frame', 'distinct_.grouped_df', 'distinct_.tbl_df', 'do.NULL', 'do.da [... truncated]
Flavor: r-oldrel-windows-ix86+x86_64