CRAN Package Check Results for Package outerbase

Last updated on 2022-11-26 23:58:22 CET.

Flavor Version Tinstall Tcheck Ttotal Status Flags
r-devel-linux-x86_64-debian-clang 0.1.0 138.55 226.47 365.02 NOTE
r-devel-linux-x86_64-debian-gcc 0.1.0 129.20 180.00 309.20 NOTE
r-devel-linux-x86_64-fedora-clang 0.1.0 487.48 NOTE
r-devel-linux-x86_64-fedora-gcc 0.1.0 474.63 NOTE
r-devel-windows-x86_64 0.1.0 124.00 226.00 350.00 NOTE
r-patched-linux-x86_64 0.1.0 NOTE
r-release-linux-x86_64 0.1.0 134.34 207.37 341.71 NOTE
r-release-macos-arm64 0.1.0 122.00 NOTE
r-release-macos-x86_64 0.1.0 146.00 NOTE
r-release-windows-x86_64 0.1.0 121.00 223.00 344.00 NOTE
r-oldrel-macos-arm64 0.1.0 119.00 NOTE
r-oldrel-macos-x86_64 0.1.0 160.00 NOTE
r-oldrel-windows-ix86+x86_64 0.1.0 348.00 291.00 639.00 NOTE

Check Details

Version: 0.1.0
Check: for GNU extensions in Makefiles
Result: NOTE
    GNU make is a SystemRequirements.
Flavors: r-devel-linux-x86_64-debian-clang, r-devel-linux-x86_64-debian-gcc, r-devel-linux-x86_64-fedora-clang, r-devel-linux-x86_64-fedora-gcc, r-devel-windows-x86_64, r-patched-linux-x86_64, r-release-linux-x86_64, r-release-macos-arm64, r-release-macos-x86_64, r-release-windows-x86_64, r-oldrel-macos-arm64, r-oldrel-macos-x86_64, r-oldrel-windows-ix86+x86_64

Version: 0.1.0
Check: installed package size
Result: NOTE
     installed size is 16.0Mb
     sub-directories of 1Mb or more:
     libs 15.5Mb
Flavors: r-release-macos-arm64, r-release-macos-x86_64, r-oldrel-macos-arm64, r-oldrel-macos-x86_64